Last updated on 2025-05-01 14:49:07 CEST.
Flavor | Version | Tinstall | Tcheck | Ttotal | Status | Flags |
---|---|---|---|---|---|---|
r-devel-linux-x86_64-debian-clang | 1.0.0 | 9.44 | 204.75 | 214.19 | NOTE | |
r-devel-linux-x86_64-debian-gcc | 1.0.0 | 5.76 | 145.77 | 151.53 | OK | |
r-devel-linux-x86_64-fedora-clang | 1.0.0 | 317.15 | OK | |||
r-devel-linux-x86_64-fedora-gcc | 1.0.0 | 328.45 | OK | |||
r-devel-windows-x86_64 | 1.0.0 | 11.00 | 239.00 | 250.00 | OK | |
r-patched-linux-x86_64 | 1.0.0 | 8.56 | 190.92 | 199.48 | OK | |
r-release-linux-x86_64 | OK | |||||
r-release-macos-arm64 | 1.0.0 | 111.00 | OK | |||
r-release-macos-x86_64 | 1.0.0 | 203.00 | OK | |||
r-release-windows-x86_64 | 1.0.0 | 11.00 | 239.00 | 250.00 | OK | |
r-oldrel-macos-arm64 | 1.0.0 | 112.00 | OK | |||
r-oldrel-macos-x86_64 | 1.0.0 | 167.00 | OK | |||
r-oldrel-windows-x86_64 | 1.0.0 | 14.00 | 289.00 | 303.00 | OK |
Version: 1.0.0
Check: examples
Result: NOTE
Examples with CPU (user + system) or elapsed time > 5s
user system elapsed
ob_decompose 7.058 0.267 10.326
plot.dfl_decompose 3.755 0.182 6.024
Flavor: r-devel-linux-x86_64-debian-clang
Version: 1.0.0
Check: examples
Result: NA
user system elapsed
ob_decompose 5.041 0.394 7.088
OK
Flavor: r-devel-linux-x86_64-debian-gcc
These binaries (installable software) and packages are in development.
They may not be fully stable and should be used with caution. We make no claims about them.