Last updated on 2025-05-01 14:49:07 CEST.
Flavor | Version | Tinstall | Tcheck | Ttotal | Status | Flags |
---|---|---|---|---|---|---|
r-devel-linux-x86_64-debian-clang | 0.1.1 | 2.72 | 53.99 | 56.71 | NOTE | |
r-devel-linux-x86_64-debian-gcc | 0.1.1 | 2.10 | 39.20 | 41.30 | OK | |
r-devel-linux-x86_64-fedora-clang | 0.1.1 | 87.48 | NOTE | |||
r-devel-linux-x86_64-fedora-gcc | 0.1.1 | 101.83 | NOTE | |||
r-devel-windows-x86_64 | 0.1.1 | 4.00 | 79.00 | 83.00 | OK | |
r-patched-linux-x86_64 | 0.1.1 | 2.50 | 50.98 | 53.48 | OK | |
r-release-linux-x86_64 | OK | |||||
r-release-macos-arm64 | 0.1.1 | 40.00 | OK | |||
r-release-macos-x86_64 | 0.1.1 | 68.00 | OK | |||
r-release-windows-x86_64 | 0.1.1 | 4.00 | 82.00 | 86.00 | OK | |
r-oldrel-macos-arm64 | 0.1.1 | 36.00 | OK | |||
r-oldrel-macos-x86_64 | 0.1.1 | 55.00 | OK | |||
r-oldrel-windows-x86_64 | 0.1.1 | 5.00 | 82.00 | 87.00 | OK |
Version: 0.1.1
Check: examples
Result: NOTE
Examples with CPU (user + system) or elapsed time > 5s
user system elapsed
IVExtractResult 6.599 0.085 10.317
Flavor: r-devel-linux-x86_64-debian-clang
Version: 0.1.1
Check: examples
Result: NA
user system elapsed
IVExtractResult 3.634 0.006 5.162
OK
Flavor: r-devel-linux-x86_64-debian-gcc
Version: 0.1.1
Check: dependencies in R code
Result: NOTE
Namespaces in Imports field not imported from:
‘MASS’ ‘qpdf’
All declared Imports should be used.
Flavors: r-devel-linux-x86_64-fedora-clang, r-devel-linux-x86_64-fedora-gcc
These binaries (installable software) and packages are in development.
They may not be fully stable and should be used with caution. We make no claims about them.