Last updated on 2025-10-23 17:50:45 CEST.
Flavor | Version | Tinstall | Tcheck | Ttotal | Status | Flags |
---|---|---|---|---|---|---|
r-devel-linux-x86_64-debian-clang | 0.0.2 | 2.22 | 37.22 | 39.44 | NOTE | |
r-devel-linux-x86_64-debian-gcc | 0.0.2 | 1.55 | 27.87 | 29.42 | OK | |
r-devel-linux-x86_64-fedora-clang | 0.0.2 | 58.00 | OK | |||
r-devel-linux-x86_64-fedora-gcc | 0.0.2 | 69.40 | OK | |||
r-devel-windows-x86_64 | 0.0.2 | 4.00 | 60.00 | 64.00 | OK | |
r-patched-linux-x86_64 | 0.0.2 | 2.84 | 33.91 | 36.75 | OK | |
r-release-linux-x86_64 | 0.0.2 | 1.91 | 33.50 | 35.41 | OK | |
r-release-macos-arm64 | 0.0.2 | 1.00 | 26.00 | 27.00 | OK | |
r-release-macos-x86_64 | 0.0.2 | 2.00 | 44.00 | 46.00 | OK | |
r-release-windows-x86_64 | 0.0.2 | 4.00 | 60.00 | 64.00 | OK | |
r-oldrel-macos-arm64 | 0.0.2 | 1.00 | 33.00 | 34.00 | OK | |
r-oldrel-macos-x86_64 | 0.0.2 | 2.00 | 49.00 | 51.00 | OK | |
r-oldrel-windows-x86_64 | 0.0.2 | 5.00 | 69.00 | 74.00 | OK |
Version: 0.0.2
Check: HTML version of manual
Result: NOTE
Found the following HTML validation problems:
plant_growth.html:113:1 (plant_growth.Rd:51): Warning: missing </ul> before </div>
Flavor: r-devel-linux-x86_64-debian-clang
These binaries (installable software) and packages are in development.
They may not be fully stable and should be used with caution. We make no claims about them.