Last updated on 2025-02-16 10:50:44 CET.
Flavor | Version | Tinstall | Tcheck | Ttotal | Status | Flags |
---|---|---|---|---|---|---|
r-devel-linux-x86_64-debian-clang | 0.2.1 | 19.83 | 259.26 | 279.09 | OK | |
r-devel-linux-x86_64-debian-gcc | 0.2.1 | 14.20 | 180.20 | 194.40 | OK | |
r-devel-linux-x86_64-fedora-clang | 0.2.1 | 457.03 | OK | |||
r-devel-linux-x86_64-fedora-gcc | 0.2.1 | 437.65 | OK | |||
r-devel-macos-arm64 | 0.2.1 | 120.00 | OK | |||
r-devel-macos-x86_64 | 0.2.1 | 249.00 | OK | |||
r-devel-windows-x86_64 | 0.2.1 | 20.00 | 269.00 | 289.00 | OK | |
r-patched-linux-x86_64 | 0.2.1 | 16.80 | 240.66 | 257.46 | OK | |
r-release-linux-x86_64 | 0.2.1 | 17.22 | 240.90 | 258.12 | OK | |
r-release-macos-arm64 | 0.2.1 | 118.00 | NOTE | |||
r-release-macos-x86_64 | 0.2.1 | 180.00 | NOTE | |||
r-release-windows-x86_64 | 0.2.1 | 21.00 | 276.00 | 297.00 | NOTE | |
r-oldrel-macos-arm64 | 0.2.1 | 117.00 | NOTE | |||
r-oldrel-macos-x86_64 | 0.2.1 | 200.00 | NOTE | |||
r-oldrel-windows-x86_64 | 0.2.1 | 28.00 | 345.00 | 373.00 | NOTE |
Version: 0.2.1
Check: installed package size
Result: NOTE
installed size is 5.1Mb
sub-directories of 1Mb or more:
data 3.9Mb
Flavors: r-release-macos-arm64, r-release-macos-x86_64, r-release-windows-x86_64, r-oldrel-macos-arm64, r-oldrel-macos-x86_64, r-oldrel-windows-x86_64
These binaries (installable software) and packages are in development.
They may not be fully stable and should be used with caution. We make no claims about them.