Last updated on 2025-07-24 01:50:18 CEST.
Flavor | Version | Tinstall | Tcheck | Ttotal | Status | Flags |
---|---|---|---|---|---|---|
r-devel-linux-x86_64-debian-clang | 1.40 | 45.26 | 119.04 | 164.30 | NOTE | |
r-devel-linux-x86_64-debian-gcc | 1.40 | 26.10 | 80.50 | 106.60 | NOTE | |
r-devel-linux-x86_64-fedora-clang | 1.40 | 257.37 | OK | |||
r-devel-linux-x86_64-fedora-gcc | 1.40 | 260.58 | OK | |||
r-devel-windows-x86_64 | 1.40 | 56.00 | 180.00 | 236.00 | OK | |
r-patched-linux-x86_64 | 1.40 | 39.57 | 112.92 | 152.49 | NOTE | |
r-release-linux-x86_64 | 1.40 | 32.52 | 111.90 | 144.42 | NOTE | |
r-release-macos-arm64 | 1.40 | 81.00 | OK | |||
r-release-macos-x86_64 | 1.40 | 132.00 | OK | |||
r-release-windows-x86_64 | 1.40 | 56.00 | 188.00 | 244.00 | OK | |
r-oldrel-macos-arm64 | 1.40 | 79.00 | OK | |||
r-oldrel-macos-x86_64 | 1.40 | 100.00 | OK | |||
r-oldrel-windows-x86_64 | 1.40 | 61.00 | 171.00 | 232.00 | OK |
Version: 1.40
Check: for unstated dependencies in ‘demo’
Result: NOTE
'library' or 'require' call not declared from: ‘nlme’
Flavors: r-devel-linux-x86_64-debian-clang, r-devel-linux-x86_64-debian-gcc, r-patched-linux-x86_64, r-release-linux-x86_64
These binaries (installable software) and packages are in development.
They may not be fully stable and should be used with caution. We make no claims about them.