Last updated on 2025-05-23 11:55:52 CEST.
Flavor | Version | Tinstall | Tcheck | Ttotal | Status | Flags |
---|---|---|---|---|---|---|
r-devel-linux-x86_64-debian-clang | 1.2-42 | 6.19 | 38.97 | 45.16 | NOTE | |
r-devel-linux-x86_64-debian-gcc | 1.2-42 | 4.81 | 29.20 | 34.01 | NOTE | |
r-devel-linux-x86_64-fedora-clang | 1.2-42 | 68.28 | OK | |||
r-devel-linux-x86_64-fedora-gcc | 1.2-42 | 67.26 | OK | |||
r-devel-windows-x86_64 | 1.2-42 | 9.00 | 66.00 | 75.00 | OK | |
r-patched-linux-x86_64 | 1.2-42 | 7.80 | 36.92 | 44.72 | OK | |
r-release-linux-x86_64 | 1.2-42 | 5.51 | 36.33 | 41.84 | OK | |
r-release-macos-arm64 | 1.2-42 | 24.00 | OK | |||
r-release-macos-x86_64 | 1.2-42 | 41.00 | OK | |||
r-release-windows-x86_64 | 1.2-42 | 10.00 | 62.00 | 72.00 | OK | |
r-oldrel-macos-arm64 | 1.2-42 | 22.00 | OK | |||
r-oldrel-macos-x86_64 | 1.2-42 | 33.00 | OK | |||
r-oldrel-windows-x86_64 | 1.2-42 | 10.00 | 55.00 | 65.00 | OK |
Version: 1.2-42
Check: CRAN incoming feasibility
Result: NOTE
Maintainer: ‘Claus Dethlefsen <rpackage.deal@gmail.com>’
No Authors@R field in DESCRIPTION.
Please add one, modifying
Authors@R: c(person(given = c("Susanne", "Gammelgaard"),
family = "Bottcher",
role = "aut"),
person(given = "Claus",
family = "Dethlefsen.",
role = "aut"),
person(given = "Claus",
family = "Dethlefsen",
role = "cre",
email = "rpackage.deal@gmail.com"))
as necessary.
Flavors: r-devel-linux-x86_64-debian-clang, r-devel-linux-x86_64-debian-gcc
These binaries (installable software) and packages are in development.
They may not be fully stable and should be used with caution. We make no claims about them.