Last updated on 2025-11-13 03:50:59 CET.
| Flavor | Version | Tinstall | Tcheck | Ttotal | Status | Flags |
|---|---|---|---|---|---|---|
| r-devel-linux-x86_64-debian-clang | 0.1.1 | 2.72 | 156.87 | 159.59 | NOTE | |
| r-devel-linux-x86_64-debian-gcc | 0.1.1 | 2.04 | 92.40 | 94.44 | NOTE | |
| r-devel-linux-x86_64-fedora-clang | 0.1.1 | 245.85 | OK | |||
| r-devel-linux-x86_64-fedora-gcc | 0.1.1 | 257.23 | OK | |||
| r-devel-windows-x86_64 | 0.1.1 | 7.00 | 137.00 | 144.00 | OK | |
| r-patched-linux-x86_64 | 0.1.1 | 2.85 | 157.72 | 160.57 | OK | |
| r-release-linux-x86_64 | 0.1.1 | 2.69 | 157.76 | 160.45 | OK | |
| r-release-macos-arm64 | 0.1.1 | 2.00 | 93.00 | 95.00 | OK | |
| r-release-macos-x86_64 | 0.1.1 | 2.00 | 176.00 | 178.00 | OK | |
| r-release-windows-x86_64 | 0.1.1 | 6.00 | 137.00 | 143.00 | OK | |
| r-oldrel-macos-arm64 | 0.1.1 | 1.00 | 64.00 | 65.00 | OK | |
| r-oldrel-macos-x86_64 | 0.1.1 | 2.00 | 93.00 | 95.00 | OK | |
| r-oldrel-windows-x86_64 | 0.1.1 | 7.00 | 204.00 | 211.00 | OK |
Version: 0.1.1
Check: CRAN incoming feasibility
Result: NOTE
Maintainer: ‘Cameron M. Nugent <camnugent@gmail.com>’
No Authors@R field in DESCRIPTION.
Please add one, modifying
Authors@R: person(given = c("Cameron", "M."),
family = "Nugent",
role = c("aut", "cre"),
email = "camnugent@gmail.com")
as necessary.
Flavors: r-devel-linux-x86_64-debian-clang, r-devel-linux-x86_64-debian-gcc
These binaries (installable software) and packages are in development.
They may not be fully stable and should be used with caution. We make no claims about them.