Last updated on 2025-10-23 21:51:24 CEST.
Flavor | Version | Tinstall | Tcheck | Ttotal | Status | Flags |
---|---|---|---|---|---|---|
r-devel-linux-x86_64-debian-clang | 0.1.1 | 2.34 | 158.89 | 161.23 | NOTE | |
r-devel-linux-x86_64-debian-gcc | 0.1.1 | 1.86 | 92.56 | 94.42 | NOTE | |
r-devel-linux-x86_64-fedora-clang | 0.1.1 | 253.03 | OK | |||
r-devel-linux-x86_64-fedora-gcc | 0.1.1 | 257.95 | OK | |||
r-devel-windows-x86_64 | 0.1.1 | 5.00 | 134.00 | 139.00 | OK | |
r-patched-linux-x86_64 | 0.1.1 | 3.34 | 158.79 | 162.13 | OK | |
r-release-linux-x86_64 | 0.1.1 | 2.45 | 157.08 | 159.53 | OK | |
r-release-macos-arm64 | 0.1.1 | 2.00 | 93.00 | 95.00 | OK | |
r-release-macos-x86_64 | 0.1.1 | 2.00 | 176.00 | 178.00 | OK | |
r-release-windows-x86_64 | 0.1.1 | 7.00 | 137.00 | 144.00 | OK | |
r-oldrel-macos-arm64 | 0.1.1 | 1.00 | 64.00 | 65.00 | OK | |
r-oldrel-macos-x86_64 | 0.1.1 | 2.00 | 93.00 | 95.00 | OK | |
r-oldrel-windows-x86_64 | 0.1.1 | 7.00 | 204.00 | 211.00 | OK |
Version: 0.1.1
Check: CRAN incoming feasibility
Result: NOTE
Maintainer: ‘Cameron M. Nugent <camnugent@gmail.com>’
No Authors@R field in DESCRIPTION.
Please add one, modifying
Authors@R: person(given = c("Cameron", "M."),
family = "Nugent",
role = c("aut", "cre"),
email = "camnugent@gmail.com")
as necessary.
Flavors: r-devel-linux-x86_64-debian-clang, r-devel-linux-x86_64-debian-gcc
Version: 0.1.1
Check: HTML version of manual
Result: NOTE
Found the following HTML validation problems:
dir_check.html:48:1 (dir_check.Rd:10): Warning: missing </ul> before </div>
Flavor: r-devel-linux-x86_64-debian-clang
These binaries (installable software) and packages are in development.
They may not be fully stable and should be used with caution. We make no claims about them.