Last updated on 2025-05-08 04:52:02 CEST.
Flavor | Version | Tinstall | Tcheck | Ttotal | Status | Flags |
---|---|---|---|---|---|---|
r-devel-linux-x86_64-debian-clang | 0.1.1 | 2.93 | 157.48 | 160.41 | NOTE | |
r-devel-linux-x86_64-debian-gcc | 0.1.1 | 2.05 | 90.55 | 92.60 | NOTE | |
r-devel-linux-x86_64-fedora-clang | 0.1.1 | 242.58 | OK | |||
r-devel-linux-x86_64-fedora-gcc | 0.1.1 | 270.58 | OK | |||
r-devel-windows-x86_64 | 0.1.1 | 5.00 | 138.00 | 143.00 | OK | |
r-patched-linux-x86_64 | 0.1.1 | 3.25 | 154.73 | 157.98 | OK | |
r-release-linux-x86_64 | 0.1.1 | 2.70 | 152.31 | 155.01 | OK | |
r-release-macos-arm64 | 0.1.1 | 95.00 | OK | |||
r-release-macos-x86_64 | 0.1.1 | 178.00 | OK | |||
r-release-windows-x86_64 | 0.1.1 | 6.00 | 137.00 | 143.00 | OK | |
r-oldrel-macos-arm64 | 0.1.1 | 65.00 | OK | |||
r-oldrel-macos-x86_64 | 0.1.1 | 95.00 | OK | |||
r-oldrel-windows-x86_64 | 0.1.1 | 6.00 | 197.00 | 203.00 | OK |
Version: 0.1.1
Check: CRAN incoming feasibility
Result: NOTE
Maintainer: ‘Cameron M. Nugent <camnugent@gmail.com>’
No Authors@R field in DESCRIPTION.
Please add one, modifying
Authors@R: person(given = c("Cameron", "M."),
family = "Nugent",
role = c("aut", "cre"),
email = "camnugent@gmail.com")
as necessary.
Flavors: r-devel-linux-x86_64-debian-clang, r-devel-linux-x86_64-debian-gcc
These binaries (installable software) and packages are in development.
They may not be fully stable and should be used with caution. We make no claims about them.