CRAN Package Check Results for Package debest

Last updated on 2025-07-22 19:51:46 CEST.

Flavor Version Tinstall Tcheck Ttotal Status Flags
r-devel-linux-x86_64-debian-clang 0.1.0 10.78 94.08 104.86 NOTE
r-devel-linux-x86_64-debian-gcc 0.1.0 8.25 65.65 73.90 NOTE
r-devel-linux-x86_64-fedora-clang 0.1.0 159.47 OK
r-devel-linux-x86_64-fedora-gcc 0.1.0 154.01 OK
r-devel-windows-x86_64 0.1.0 11.00 93.00 104.00 OK
r-patched-linux-x86_64 0.1.0 9.68 88.10 97.78 OK
r-release-linux-x86_64 0.1.0 10.87 88.22 99.09 OK
r-release-macos-arm64 0.1.0 42.00 OK
r-release-macos-x86_64 0.1.0 86.00 OK
r-release-windows-x86_64 0.1.0 11.00 99.00 110.00 OK
r-oldrel-macos-arm64 0.1.0 43.00 OK
r-oldrel-macos-x86_64 0.1.0 86.00 OK
r-oldrel-windows-x86_64 0.1.0 15.00 121.00 136.00 OK

Check Details

Version: 0.1.0
Check: CRAN incoming feasibility
Result: NOTE Maintainer: ‘Hong Zhang <hzhang@wpi.edu>’ The Description field contains <arXiv:2401.00540>. Please refer to arXiv e-prints via their arXiv DOI <doi:10.48550/arXiv.YYMM.NNNNN>. Flavors: r-devel-linux-x86_64-debian-clang, r-devel-linux-x86_64-debian-gcc

These binaries (installable software) and packages are in development.
They may not be fully stable and should be used with caution. We make no claims about them.