Last updated on 2025-05-08 04:52:02 CEST.
Flavor | Version | Tinstall | Tcheck | Ttotal | Status | Flags |
---|---|---|---|---|---|---|
r-devel-linux-x86_64-debian-clang | 0.1.0 | 10.73 | 92.14 | 102.87 | NOTE | |
r-devel-linux-x86_64-debian-gcc | 0.1.0 | 6.98 | 65.19 | 72.17 | NOTE | |
r-devel-linux-x86_64-fedora-clang | 0.1.0 | 150.98 | OK | |||
r-devel-linux-x86_64-fedora-gcc | 0.1.0 | 154.78 | OK | |||
r-devel-windows-x86_64 | 0.1.0 | 11.00 | 97.00 | 108.00 | OK | |
r-patched-linux-x86_64 | 0.1.0 | 10.69 | 88.63 | 99.32 | OK | |
r-release-linux-x86_64 | 0.1.0 | 10.20 | 88.53 | 98.73 | OK | |
r-release-macos-arm64 | 0.1.0 | 42.00 | OK | |||
r-release-macos-x86_64 | 0.1.0 | 86.00 | OK | |||
r-release-windows-x86_64 | 0.1.0 | 11.00 | 97.00 | 108.00 | OK | |
r-oldrel-macos-arm64 | 0.1.0 | 43.00 | OK | |||
r-oldrel-macos-x86_64 | 0.1.0 | 86.00 | OK | |||
r-oldrel-windows-x86_64 | 0.1.0 | 14.00 | 119.00 | 133.00 | OK |
Version: 0.1.0
Check: CRAN incoming feasibility
Result: NOTE
Maintainer: ‘Hong Zhang <hzhang@wpi.edu>’
The Description field contains
<arXiv:2401.00540>.
Please refer to arXiv e-prints via their arXiv DOI <doi:10.48550/arXiv.YYMM.NNNNN>.
Flavors: r-devel-linux-x86_64-debian-clang, r-devel-linux-x86_64-debian-gcc
These binaries (installable software) and packages are in development.
They may not be fully stable and should be used with caution. We make no claims about them.