CRAN Package Check Results for Package decido

Last updated on 2025-07-27 05:48:28 CEST.

Flavor Version Tinstall Tcheck Ttotal Status Flags
r-devel-linux-x86_64-debian-clang 0.3.0 11.35 30.82 42.17 NOTE
r-devel-linux-x86_64-debian-gcc 0.3.0 8.54 25.22 33.76 NOTE
r-devel-linux-x86_64-fedora-clang 0.3.0 69.00 NOTE
r-devel-linux-x86_64-fedora-gcc 0.3.0 81.68 NOTE
r-devel-windows-x86_64 0.3.0 17.00 95.00 112.00 NOTE
r-patched-linux-x86_64 0.3.0 11.26 27.82 39.08 NOTE
r-release-linux-x86_64 0.3.0 9.92 28.03 37.95 NOTE
r-release-macos-arm64 0.3.0 30.00 NOTE
r-release-macos-x86_64 0.3.0 56.00 NOTE
r-release-windows-x86_64 0.3.0 15.00 71.00 86.00 NOTE
r-oldrel-macos-arm64 0.3.0 29.00 NOTE
r-oldrel-macos-x86_64 0.3.0 46.00 NOTE
r-oldrel-windows-x86_64 0.3.0 17.00 85.00 102.00 NOTE

Check Details

Version: 0.3.0
Check: C++ specification
Result: NOTE Specified C++11: please drop specification unless essential Flavors: r-devel-linux-x86_64-debian-clang, r-devel-linux-x86_64-debian-gcc, r-devel-linux-x86_64-fedora-clang, r-devel-linux-x86_64-fedora-gcc, r-devel-windows-x86_64, r-patched-linux-x86_64, r-release-linux-x86_64, r-release-macos-arm64, r-release-macos-x86_64, r-release-windows-x86_64, r-oldrel-macos-arm64, r-oldrel-macos-x86_64, r-oldrel-windows-x86_64

Version: 0.3.0
Check: LazyData
Result: NOTE 'LazyData' is specified without a 'data' directory Flavors: r-oldrel-macos-arm64, r-oldrel-macos-x86_64, r-oldrel-windows-x86_64

These binaries (installable software) and packages are in development.
They may not be fully stable and should be used with caution. We make no claims about them.