Last updated on 2025-05-01 14:49:07 CEST.
Flavor | Version | Tinstall | Tcheck | Ttotal | Status | Flags |
---|---|---|---|---|---|---|
r-devel-linux-x86_64-debian-clang | 0.1.0 | 14.18 | 110.11 | 124.29 | OK | |
r-devel-linux-x86_64-debian-gcc | 0.1.0 | 8.47 | 78.44 | 86.91 | OK | |
r-devel-linux-x86_64-fedora-clang | 0.1.0 | 203.31 | NOTE | |||
r-devel-linux-x86_64-fedora-gcc | 0.1.0 | 171.16 | NOTE | |||
r-devel-windows-x86_64 | 0.1.0 | 15.00 | 117.00 | 132.00 | OK | |
r-patched-linux-x86_64 | 0.1.0 | 13.43 | 102.98 | 116.41 | OK | |
r-release-linux-x86_64 | OK | |||||
r-release-macos-arm64 | 0.1.0 | 51.00 | OK | |||
r-release-macos-x86_64 | 0.1.0 | 92.00 | OK | |||
r-release-windows-x86_64 | 0.1.0 | 16.00 | 121.00 | 137.00 | OK | |
r-oldrel-macos-arm64 | 0.1.0 | 50.00 | OK | |||
r-oldrel-macos-x86_64 | 0.1.0 | 73.00 | OK | |||
r-oldrel-windows-x86_64 | 0.1.0 | 19.00 | 142.00 | 161.00 | OK |
Version: 0.1.0
Check: dependencies in R code
Result: NOTE
Namespaces in Imports field not imported from:
‘reticulate’ ‘tensorflow’
All declared Imports should be used.
Flavors: r-devel-linux-x86_64-fedora-clang, r-devel-linux-x86_64-fedora-gcc
These binaries (installable software) and packages are in development.
They may not be fully stable and should be used with caution. We make no claims about them.