Last updated on 2025-11-11 15:50:31 CET.
| Flavor | Version | Tinstall | Tcheck | Ttotal | Status | Flags |
|---|---|---|---|---|---|---|
| r-devel-linux-x86_64-debian-clang | 0.1.0 | 15.53 | 122.03 | 137.56 | OK | |
| r-devel-linux-x86_64-debian-gcc | 0.1.0 | 9.96 | 88.89 | 98.85 | OK | |
| r-devel-linux-x86_64-fedora-clang | 0.1.0 | 74.00 | 153.71 | 227.71 | NOTE | |
| r-devel-linux-x86_64-fedora-gcc | 0.1.0 | 30.00 | 166.98 | 196.98 | NOTE | |
| r-devel-windows-x86_64 | 0.1.0 | 16.00 | 117.00 | 133.00 | OK | |
| r-patched-linux-x86_64 | 0.1.0 | 14.34 | 113.97 | 128.31 | OK | |
| r-release-linux-x86_64 | 0.1.0 | 11.99 | 114.56 | 126.55 | OK | |
| r-release-macos-arm64 | 0.1.0 | 6.00 | 45.00 | 51.00 | OK | |
| r-release-macos-x86_64 | 0.1.0 | 12.00 | 80.00 | 92.00 | OK | |
| r-release-windows-x86_64 | 0.1.0 | 16.00 | 117.00 | 133.00 | OK | |
| r-oldrel-macos-arm64 | 0.1.0 | 6.00 | 44.00 | 50.00 | OK | |
| r-oldrel-macos-x86_64 | 0.1.0 | 9.00 | 64.00 | 73.00 | OK | |
| r-oldrel-windows-x86_64 | 0.1.0 | 22.00 | 153.00 | 175.00 | OK |
Version: 0.1.0
Check: dependencies in R code
Result: NOTE
Namespaces in Imports field not imported from:
‘reticulate’ ‘tensorflow’
All declared Imports should be used.
Flavors: r-devel-linux-x86_64-fedora-clang, r-devel-linux-x86_64-fedora-gcc
These binaries (installable software) and packages are in development.
They may not be fully stable and should be used with caution. We make no claims about them.