CRAN Package Check Results for Package decompDL

Last updated on 2025-02-02 18:50:19 CET.

Flavor Version Tinstall Tcheck Ttotal Status Flags
r-devel-linux-x86_64-debian-clang 0.1.0 14.01 102.26 116.27 OK
r-devel-linux-x86_64-debian-gcc 0.1.0 10.21 74.78 84.99 OK
r-devel-linux-x86_64-fedora-clang 0.1.0 198.41 NOTE
r-devel-linux-x86_64-fedora-gcc 0.1.0 172.34 NOTE
r-devel-windows-x86_64 0.1.0 14.00 119.00 133.00 OK
r-patched-linux-x86_64 0.1.0 14.17 95.47 109.64 OK
r-release-linux-x86_64 0.1.0 13.62 96.04 109.66 OK
r-release-macos-arm64 0.1.0 50.00 OK
r-release-macos-x86_64 0.1.0 73.00 OK
r-release-windows-x86_64 0.1.0 15.00 108.00 123.00 OK
r-oldrel-macos-arm64 0.1.0 51.00 OK
r-oldrel-macos-x86_64 0.1.0 83.00 OK
r-oldrel-windows-x86_64 0.1.0 19.00 126.00 145.00 OK

Check Details

Version: 0.1.0
Check: dependencies in R code
Result: NOTE Namespaces in Imports field not imported from: ‘reticulate’ ‘tensorflow’ All declared Imports should be used. Flavors: r-devel-linux-x86_64-fedora-clang, r-devel-linux-x86_64-fedora-gcc

These binaries (installable software) and packages are in development.
They may not be fully stable and should be used with caution. We make no claims about them.