Last updated on 2024-07-27 15:50:15 CEST.
Flavor | Version | Tinstall | Tcheck | Ttotal | Status | Flags |
---|---|---|---|---|---|---|
r-devel-linux-x86_64-debian-clang | 0.1.0 | 13.82 | 133.23 | 147.05 | OK | |
r-devel-linux-x86_64-debian-gcc | 0.1.0 | OK | ||||
r-devel-linux-x86_64-fedora-clang | 0.1.0 | 187.60 | NOTE | |||
r-devel-linux-x86_64-fedora-gcc | 0.1.0 | 174.30 | NOTE | |||
r-devel-windows-x86_64 | 0.1.0 | 14.00 | 109.00 | 123.00 | OK | |
r-patched-linux-x86_64 | 0.1.0 | OK | ||||
r-release-linux-x86_64 | 0.1.0 | 10.60 | 128.96 | 139.56 | OK | |
r-release-macos-arm64 | 0.1.0 | 50.00 | OK | |||
r-release-macos-x86_64 | 0.1.0 | 73.00 | OK | |||
r-release-windows-x86_64 | 0.1.0 | 15.00 | 109.00 | 124.00 | OK | |
r-oldrel-macos-arm64 | 0.1.0 | 51.00 | OK | |||
r-oldrel-macos-x86_64 | 0.1.0 | 83.00 | OK | |||
r-oldrel-windows-x86_64 | 0.1.0 | 20.00 | 130.00 | 150.00 | OK |
Version: 0.1.0
Check: dependencies in R code
Result: NOTE
Namespaces in Imports field not imported from:
‘reticulate’ ‘tensorflow’
All declared Imports should be used.
Flavors: r-devel-linux-x86_64-fedora-clang, r-devel-linux-x86_64-fedora-gcc
These binaries (installable software) and packages are in development.
They may not be fully stable and should be used with caution. We make no claims about them.