Last updated on 2025-05-01 15:49:29 CEST.
Flavor | Version | Tinstall | Tcheck | Ttotal | Status | Flags |
---|---|---|---|---|---|---|
r-devel-linux-x86_64-debian-clang | 0.2 | 7.93 | 70.12 | 78.05 | NOTE | |
r-devel-linux-x86_64-debian-gcc | 0.2 | 4.97 | 48.65 | 53.62 | NOTE | |
r-devel-linux-x86_64-fedora-clang | 0.2 | 103.83 | OK | |||
r-devel-linux-x86_64-fedora-gcc | 0.2 | 111.10 | OK | |||
r-devel-windows-x86_64 | 0.2 | 9.00 | 81.00 | 90.00 | OK | |
r-patched-linux-x86_64 | 0.2 | 7.43 | 62.61 | 70.04 | OK | |
r-release-linux-x86_64 | OK | |||||
r-release-macos-arm64 | 0.2 | 55.00 | OK | |||
r-release-macos-x86_64 | 0.2 | 74.00 | OK | |||
r-release-windows-x86_64 | 0.2 | 9.00 | 87.00 | 96.00 | OK | |
r-oldrel-macos-arm64 | 0.2 | 39.00 | OK | |||
r-oldrel-macos-x86_64 | 0.2 | 60.00 | OK | |||
r-oldrel-windows-x86_64 | 0.2 | 11.00 | 94.00 | 105.00 | OK |
Version: 0.2
Check: CRAN incoming feasibility
Result: NOTE
Maintainer: ‘Neeraj Bokde <neerajdhanraj@gmail.com>’
No Authors@R field in DESCRIPTION.
Please add one, modifying
Authors@R: person(given = "Neeraj",
family = "Bokde",
role = c("aut", "cre"),
email = "neerajdhanraj@gmail.com")
as necessary.
Package CITATION file contains call(s) to old-style personList() or
as.personList(). Please use c() on person objects instead.
Package CITATION file contains call(s) to old-style citEntry(). Please
use bibentry() instead.
Flavors: r-devel-linux-x86_64-debian-clang, r-devel-linux-x86_64-debian-gcc
These binaries (installable software) and packages are in development.
They may not be fully stable and should be used with caution. We make no claims about them.