CRAN Package Check Results for Package deepMOU

Last updated on 2025-10-23 11:50:11 CEST.

Flavor Version Tinstall Tcheck Ttotal Status Flags
r-devel-linux-x86_64-debian-clang 0.1.1 8.41 67.94 76.35 OK
r-devel-linux-x86_64-debian-gcc 0.1.1 5.14 49.04 54.18 OK
r-devel-linux-x86_64-fedora-clang 0.1.1 44.00 78.86 122.86 NOTE
r-devel-linux-x86_64-fedora-gcc 0.1.1 16.00 92.22 108.22 NOTE
r-devel-windows-x86_64 0.1.1 10.00 80.00 90.00 OK
r-patched-linux-x86_64 0.1.1 6.28 62.95 69.23 OK
r-release-linux-x86_64 0.1.1 7.73 62.66 70.39 OK
r-release-macos-arm64 0.1.1 4.00 35.00 39.00 OK
r-release-macos-x86_64 0.1.1 6.00 48.00 54.00 OK
r-release-windows-x86_64 0.1.1 10.00 79.00 89.00 OK
r-oldrel-macos-arm64 0.1.1 3.00 28.00 31.00 OK
r-oldrel-macos-x86_64 0.1.1 5.00 42.00 47.00 OK
r-oldrel-windows-x86_64 0.1.1 12.00 99.00 111.00 OK

Check Details

Version: 0.1.1
Check: dependencies in R code
Result: NOTE Namespace in Imports field not imported from: ‘dplyr’ All declared Imports should be used. Flavors: r-devel-linux-x86_64-fedora-clang, r-devel-linux-x86_64-fedora-gcc

These binaries (installable software) and packages are in development.
They may not be fully stable and should be used with caution. We make no claims about them.