Last updated on 2025-02-16 10:50:44 CET.
Flavor | Version | Tinstall | Tcheck | Ttotal | Status | Flags |
---|---|---|---|---|---|---|
r-devel-linux-x86_64-debian-clang | 1.2 | 5.73 | 61.88 | 67.61 | NOTE | |
r-devel-linux-x86_64-debian-gcc | 1.2 | 4.77 | 46.86 | 51.63 | NOTE | |
r-devel-linux-x86_64-fedora-clang | 1.2 | 115.71 | NOTE | |||
r-devel-linux-x86_64-fedora-gcc | 1.2 | 105.19 | NOTE | |||
r-devel-macos-arm64 | 1.2 | 34.00 | NOTE | |||
r-devel-macos-x86_64 | 1.2 | 71.00 | NOTE | |||
r-devel-windows-x86_64 | 1.2 | 8.00 | 79.00 | 87.00 | NOTE | |
r-patched-linux-x86_64 | 1.2 | 7.66 | 58.93 | 66.59 | NOTE | |
r-release-linux-x86_64 | 1.2 | 6.04 | 58.96 | 65.00 | NOTE | |
r-release-macos-arm64 | 1.2 | 34.00 | NOTE | |||
r-release-macos-x86_64 | 1.2 | 53.00 | NOTE | |||
r-release-windows-x86_64 | 1.2 | 8.00 | 95.00 | 103.00 | NOTE | |
r-oldrel-macos-arm64 | 1.2 | 36.00 | OK | |||
r-oldrel-macos-x86_64 | 1.2 | 85.00 | OK | |||
r-oldrel-windows-x86_64 | 1.2 | 7.00 | 88.00 | 95.00 | OK |
Version: 1.2
Check: Rd files
Result: NOTE
checkRd: (-1) deepNN-package.Rd:18: Lost braces
18 | section{Dependencies}{
| ^
checkRd: (-1) deepNN-package.Rd:18-21: Lost braces
18 | section{Dependencies}{
| ^
checkRd: (-1) deepNN-package.Rd:23: Lost braces
23 | section{Citation}{
| ^
checkRd: (-1) deepNN-package.Rd:23-25: Lost braces
23 | section{Citation}{
| ^
checkRd: (-1) deepNN-package.Rd:27-38: Lost braces
27 | references{
| ^
Flavors: r-devel-linux-x86_64-debian-clang, r-devel-linux-x86_64-debian-gcc, r-devel-linux-x86_64-fedora-clang, r-devel-linux-x86_64-fedora-gcc, r-devel-macos-arm64, r-devel-macos-x86_64, r-devel-windows-x86_64, r-patched-linux-x86_64, r-release-linux-x86_64, r-release-macos-arm64, r-release-macos-x86_64, r-release-windows-x86_64
These binaries (installable software) and packages are in development.
They may not be fully stable and should be used with caution. We make no claims about them.