Last updated on 2025-05-22 03:50:33 CEST.
Flavor | Version | Tinstall | Tcheck | Ttotal | Status | Flags |
---|---|---|---|---|---|---|
r-devel-linux-x86_64-debian-clang | 0.2.1 | 3.50 | 25.88 | 29.38 | NOTE | |
r-devel-linux-x86_64-debian-gcc | 0.2.1 | 2.70 | 20.66 | 23.36 | NOTE | |
r-devel-linux-x86_64-fedora-clang | 0.2.1 | 46.87 | OK | |||
r-devel-linux-x86_64-fedora-gcc | 0.2.1 | 44.65 | OK | |||
r-devel-windows-x86_64 | 0.2.1 | 6.00 | 63.00 | 69.00 | OK | |
r-patched-linux-x86_64 | 0.2.1 | 3.55 | 24.85 | 28.40 | OK | |
r-release-linux-x86_64 | 0.2.1 | 3.79 | 24.80 | 28.59 | OK | |
r-release-macos-arm64 | 0.2.1 | 18.00 | OK | |||
r-release-macos-x86_64 | 0.2.1 | 31.00 | OK | |||
r-release-windows-x86_64 | 0.2.1 | 4.00 | 82.00 | 86.00 | OK | |
r-oldrel-macos-arm64 | 0.2.1 | 17.00 | OK | |||
r-oldrel-macos-x86_64 | 0.2.1 | 28.00 | OK | |||
r-oldrel-windows-x86_64 | 0.2.1 | 5.00 | 53.00 | 58.00 | OK |
Version: 0.2.1
Check: CRAN incoming feasibility
Result: NOTE
Maintainer: ‘Suren Rathnayake <surenr@gmail.com>’
No Authors@R field in DESCRIPTION.
Please add one, modifying
Authors@R: c(person(given = "Cinzia",
family = "Viroli",
role = "aut"),
person(given = c("Geoffrey", "J."),
family = "McLachlan",
role = "aut"),
person(given = "Suren",
family = "Rathnayake",
role = "cre",
email = "surenr@gmail.com"))
as necessary.
Flavors: r-devel-linux-x86_64-debian-clang, r-devel-linux-x86_64-debian-gcc
These binaries (installable software) and packages are in development.
They may not be fully stable and should be used with caution. We make no claims about them.