CRAN Package Check Results for Package deepnet

Last updated on 2025-11-11 15:50:31 CET.

Flavor Version Tinstall Tcheck Ttotal Status Flags
r-devel-linux-x86_64-debian-clang 0.2.1 2.13 23.04 25.17 NOTE
r-devel-linux-x86_64-debian-gcc 0.2.1 1.70 18.46 20.16 NOTE
r-devel-linux-x86_64-fedora-clang 0.2.1 36.63 OK
r-devel-linux-x86_64-fedora-gcc 0.2.1 34.50 OK
r-devel-windows-x86_64 0.2.1 3.00 42.00 45.00 OK
r-patched-linux-x86_64 0.2.1 2.39 21.60 23.99 OK
r-release-linux-x86_64 0.2.1 2.23 21.75 23.98 OK
r-release-macos-arm64 0.2.1 1.00 15.00 16.00 OK
r-release-macos-x86_64 0.2.1 2.00 23.00 25.00 OK
r-release-windows-x86_64 0.2.1 3.00 41.00 44.00 OK
r-oldrel-macos-arm64 0.2.1 1.00 14.00 15.00 OK
r-oldrel-macos-x86_64 0.2.1 2.00 21.00 23.00 OK
r-oldrel-windows-x86_64 0.2.1 3.00 44.00 47.00 OK

Check Details

Version: 0.2.1
Check: CRAN incoming feasibility
Result: NOTE Maintainer: ‘Xiao Rong <runxiao@gmail.com>’ No Authors@R field in DESCRIPTION. Please add one, modifying Authors@R: person(given = "Xiao", family = "Rong", role = c("aut", "cre"), email = "runxiao@gmail.com") as necessary. Flavors: r-devel-linux-x86_64-debian-clang, r-devel-linux-x86_64-debian-gcc

These binaries (installable software) and packages are in development.
They may not be fully stable and should be used with caution. We make no claims about them.