Last updated on 2024-07-27 15:50:15 CEST.
Flavor | Version | Tinstall | Tcheck | Ttotal | Status | Flags |
---|---|---|---|---|---|---|
r-devel-linux-x86_64-debian-clang | 0.1-1 | 15.52 | 112.61 | 128.13 | OK | |
r-devel-linux-x86_64-debian-gcc | 0.1-1 | OK | ||||
r-devel-linux-x86_64-fedora-clang | 0.1-1 | 168.01 | OK | |||
r-devel-linux-x86_64-fedora-gcc | 0.1-1 | 148.70 | OK | |||
r-devel-windows-x86_64 | 0.1-1 | 88.00 | 246.00 | 334.00 | OK | |
r-patched-linux-x86_64 | 0.1-1 | OK | ||||
r-release-linux-x86_64 | 0.1-1 | 9.33 | 107.19 | 116.52 | OK | |
r-release-macos-arm64 | 0.1-1 | 46.00 | OK | |||
r-release-macos-x86_64 | 0.1-1 | 98.00 | OK | |||
r-release-windows-x86_64 | 0.1-1 | 90.00 | 267.00 | 357.00 | OK | |
r-oldrel-macos-arm64 | 0.1-1 | 47.00 | OK | |||
r-oldrel-macos-x86_64 | 0.1-1 | 71.00 | NOTE | |||
r-oldrel-windows-x86_64 | 0.1-1 | 99.00 | 179.00 | 278.00 | OK |
Version: 0.1-1
Check: package dependencies
Result: NOTE
Packages suggested but not available for checking: 'tram', 'cotram'
Flavor: r-oldrel-macos-x86_64
Version: 0.1-1
Check: Rd cross-references
Result: NOTE
Package unavailable to check Rd xrefs: ‘tram’
Flavor: r-oldrel-macos-x86_64
These binaries (installable software) and packages are in development.
They may not be fully stable and should be used with caution. We make no claims about them.