CRAN Package Check Results for Package deeptrafo

Last updated on 2025-10-23 11:50:11 CEST.

Flavor Version Tinstall Tcheck Ttotal Status Flags
r-devel-linux-x86_64-debian-clang 1.0-0 31.76 222.59 254.35 NOTE
r-devel-linux-x86_64-debian-gcc 1.0-0 21.89 163.03 184.92 NOTE
r-devel-linux-x86_64-fedora-clang 1.0-0 137.00 281.17 418.17 NOTE
r-devel-linux-x86_64-fedora-gcc 1.0-0 124.00 279.43 403.43 NOTE
r-devel-windows-x86_64 1.0-0 21.00 146.00 167.00 NOTE
r-patched-linux-x86_64 1.0-0 30.76 209.28 240.04 NOTE
r-release-linux-x86_64 1.0-0 25.64 206.34 231.98 NOTE
r-release-macos-arm64 1.0-0 13.00 66.00 79.00 NOTE
r-release-macos-x86_64 1.0-0 17.00 111.00 128.00 NOTE
r-release-windows-x86_64 1.0-0 24.00 146.00 170.00 NOTE
r-oldrel-macos-arm64 1.0-0 7.00 56.00 63.00 OK
r-oldrel-macos-x86_64 1.0-0 15.00 75.00 90.00 OK
r-oldrel-windows-x86_64 1.0-0 29.00 193.00 222.00 WARN

Check Details

Version: 1.0-0
Check: DESCRIPTION meta-information
Result: NOTE Missing dependency on R >= 4.1.0 because package code uses the pipe |> or function shorthand \(...) syntax added in R 4.1.0. File(s) using such syntax: ‘deeptrafo.Rd’ ‘ensembles.R’ ‘methods.R’ Flavors: r-devel-linux-x86_64-debian-clang, r-devel-linux-x86_64-debian-gcc, r-devel-linux-x86_64-fedora-clang, r-devel-linux-x86_64-fedora-gcc, r-devel-windows-x86_64, r-patched-linux-x86_64, r-release-linux-x86_64, r-release-macos-arm64, r-release-windows-x86_64

Version: 1.0-0
Check: HTML version of manual
Result: NOTE Found the following HTML validation problems: plot.deeptrafo.html:95:1 (plot.deeptrafo.Rd:42): Warning: missing </ul> before </div> Flavor: r-devel-linux-x86_64-debian-clang

Version: 1.0-0
Check: DESCRIPTION meta-information
Result: NOTE Missing dependency on R >= 4.1.0 because package code uses the pipe |> or function shorthand \(...) syntax added in R 4.1.0. File(s) using such syntax: ‘ensembles.R’ ‘methods.R’ Flavor: r-release-macos-x86_64

Version: 1.0-0
Check: whether package can be installed
Result: WARN Found the following significant warnings: Warning: Torch libraries are installed but loading them caused a segfault. Flavor: r-oldrel-windows-x86_64

These binaries (installable software) and packages are in development.
They may not be fully stable and should be used with caution. We make no claims about them.