CRAN Package Check Results for Package deeptrafo

Last updated on 2025-07-26 07:50:19 CEST.

Flavor Version Tinstall Tcheck Ttotal Status Flags
r-devel-linux-x86_64-debian-clang 1.0-0 21.70 148.85 170.55 NOTE
r-devel-linux-x86_64-debian-gcc 1.0-0 14.80 108.31 123.11 NOTE
r-devel-linux-x86_64-fedora-clang 1.0-0 277.72 NOTE
r-devel-linux-x86_64-fedora-gcc 1.0-0 251.89 NOTE
r-devel-windows-x86_64 1.0-0 23.00 151.00 174.00 NOTE
r-patched-linux-x86_64 1.0-0 18.49 139.64 158.13 NOTE
r-release-linux-x86_64 1.0-0 19.90 138.90 158.80 NOTE
r-release-macos-arm64 1.0-0 79.00 NOTE
r-release-macos-x86_64 1.0-0 128.00 NOTE
r-release-windows-x86_64 1.0-0 24.00 148.00 172.00 NOTE
r-oldrel-macos-arm64 1.0-0 63.00 OK
r-oldrel-macos-x86_64 1.0-0 90.00 OK
r-oldrel-windows-x86_64 1.0-0 30.00 189.00 219.00 OK

Check Details

Version: 1.0-0
Check: DESCRIPTION meta-information
Result: NOTE Missing dependency on R >= 4.1.0 because package code uses the pipe |> or function shorthand \(...) syntax added in R 4.1.0. File(s) using such syntax: ‘deeptrafo.Rd’ ‘ensembles.R’ ‘methods.R’ Flavors: r-devel-linux-x86_64-debian-clang, r-devel-linux-x86_64-debian-gcc, r-devel-linux-x86_64-fedora-clang, r-devel-linux-x86_64-fedora-gcc, r-devel-windows-x86_64, r-patched-linux-x86_64, r-release-linux-x86_64, r-release-macos-arm64, r-release-windows-x86_64

Version: 1.0-0
Check: DESCRIPTION meta-information
Result: NOTE Missing dependency on R >= 4.1.0 because package code uses the pipe |> or function shorthand \(...) syntax added in R 4.1.0. File(s) using such syntax: ‘ensembles.R’ ‘methods.R’ Flavor: r-release-macos-x86_64

These binaries (installable software) and packages are in development.
They may not be fully stable and should be used with caution. We make no claims about them.