CRAN Package Check Results for Package defineOptions

Last updated on 2025-05-01 14:49:07 CEST.

Flavor Version Tinstall Tcheck Ttotal Status Flags
r-devel-linux-x86_64-debian-clang 0.9 2.05 21.57 23.62 NOTE
r-devel-linux-x86_64-debian-gcc 0.9 1.66 17.85 19.51 NOTE
r-devel-linux-x86_64-fedora-clang 0.9 34.56 NOTE
r-devel-linux-x86_64-fedora-gcc 0.9 33.25 NOTE
r-devel-windows-x86_64 0.9 2.00 42.00 44.00 NOTE
r-patched-linux-x86_64 0.9 1.58 19.59 21.17 NOTE
r-release-linux-x86_64 NOTE
r-release-macos-arm64 0.9 17.00 NOTE
r-release-macos-x86_64 0.9 27.00 NOTE
r-release-windows-x86_64 0.9 3.00 44.00 47.00 NOTE
r-oldrel-macos-arm64 0.9 15.00 OK
r-oldrel-macos-x86_64 0.9 25.00 OK
r-oldrel-windows-x86_64 0.9 3.00 45.00 48.00 OK

Check Details

Version: 0.9
Check: CRAN incoming feasibility
Result: NOTE Maintainer: ‘Toshihiro Umehara <toshi@niceume.com>’ The BugReports field in DESCRIPTION has https://github.com/niceume/defineOptions which should likely be https://github.com/niceume/defineOptions/issues instead. Flavors: r-devel-linux-x86_64-debian-clang, r-devel-linux-x86_64-debian-gcc

Version: 0.9
Check: DESCRIPTION meta-information
Result: NOTE Missing dependency on R >= 4.1.0 because package code uses the pipe |> or function shorthand \(...) syntax added in R 4.1.0. File(s) using such syntax: ‘defineOptions-package.Rd’ ‘define_option.Rd’ ‘parse_with_defs.Rd’ ‘summary.parsed_result.Rd’ Flavors: r-devel-linux-x86_64-debian-clang, r-devel-linux-x86_64-debian-gcc, r-devel-linux-x86_64-fedora-clang, r-devel-linux-x86_64-fedora-gcc, r-devel-windows-x86_64, r-patched-linux-x86_64, r-release-linux-x86_64, r-release-macos-arm64, r-release-macos-x86_64, r-release-windows-x86_64

These binaries (installable software) and packages are in development.
They may not be fully stable and should be used with caution. We make no claims about them.