CRAN Package Check Results for Package deflateBR

Last updated on 2025-05-08 04:52:02 CEST.

Flavor Version Tinstall Tcheck Ttotal Status Flags
r-devel-linux-x86_64-debian-clang 1.1.2 2.70 27.35 30.05 OK
r-devel-linux-x86_64-debian-gcc 1.1.2 2.09 21.79 23.88 OK
r-devel-linux-x86_64-fedora-clang 1.1.2 44.16 OK
r-devel-linux-x86_64-fedora-gcc 1.1.2 42.48 OK
r-devel-windows-x86_64 1.1.2 5.00 46.00 51.00 OK
r-patched-linux-x86_64 1.1.2 2.77 24.97 27.74 OK
r-release-linux-x86_64 1.1.2 2.56 25.13 27.69 OK
r-release-macos-arm64 1.1.2 17.00 OK
r-release-macos-x86_64 1.1.2 28.00 OK
r-release-windows-x86_64 1.1.2 4.00 47.00 51.00 OK
r-oldrel-macos-arm64 1.1.2 19.00 NOTE
r-oldrel-macos-x86_64 1.1.2 27.00 NOTE
r-oldrel-windows-x86_64 1.1.2 5.00 52.00 57.00 NOTE

Check Details

Version: 1.1.2
Check: LazyData
Result: NOTE 'LazyData' is specified without a 'data' directory Flavors: r-oldrel-macos-arm64, r-oldrel-macos-x86_64, r-oldrel-windows-x86_64

These binaries (installable software) and packages are in development.
They may not be fully stable and should be used with caution. We make no claims about them.