CRAN Package Check Results for Package deflateBR

Last updated on 2025-02-16 10:50:44 CET.

Flavor Version Tinstall Tcheck Ttotal Status Flags
r-devel-linux-x86_64-debian-clang 1.1.2 2.39 25.39 27.78 OK
r-devel-linux-x86_64-debian-gcc 1.1.2 2.00 20.14 22.14 OK
r-devel-linux-x86_64-fedora-clang 1.1.2 48.75 OK
r-devel-linux-x86_64-fedora-gcc 1.1.2 42.49 OK
r-devel-macos-arm64 1.1.2 17.00 OK
r-devel-macos-x86_64 1.1.2 28.00 OK
r-devel-windows-x86_64 1.1.2 4.00 46.00 50.00 OK
r-patched-linux-x86_64 1.1.2 2.62 24.32 26.94 NOTE
r-release-linux-x86_64 1.1.2 2.44 24.19 26.63 NOTE
r-release-macos-arm64 1.1.2 19.00 NOTE
r-release-macos-x86_64 1.1.2 27.00 NOTE
r-release-windows-x86_64 1.1.2 4.00 47.00 51.00 NOTE
r-oldrel-macos-arm64 1.1.2 18.00 NOTE
r-oldrel-macos-x86_64 1.1.2 24.00 NOTE
r-oldrel-windows-x86_64 1.1.2 5.00 47.00 52.00 NOTE

Check Details

Version: 1.1.2
Check: LazyData
Result: NOTE 'LazyData' is specified without a 'data' directory Flavors: r-patched-linux-x86_64, r-release-linux-x86_64, r-release-macos-arm64, r-release-macos-x86_64, r-release-windows-x86_64, r-oldrel-macos-arm64, r-oldrel-macos-x86_64, r-oldrel-windows-x86_64

These binaries (installable software) and packages are in development.
They may not be fully stable and should be used with caution. We make no claims about them.