Last updated on 2025-05-08 04:52:02 CEST.
Flavor | Version | Tinstall | Tcheck | Ttotal | Status | Flags |
---|---|---|---|---|---|---|
r-devel-linux-x86_64-debian-clang | 3.1.1 | 52.82 | 333.84 | 386.66 | NOTE | |
r-devel-linux-x86_64-debian-gcc | 3.1.1 | 35.52 | 211.02 | 246.54 | NOTE | |
r-devel-linux-x86_64-fedora-clang | 3.1.1 | 672.05 | NOTE | |||
r-devel-linux-x86_64-fedora-gcc | 3.1.1 | 627.09 | NOTE | |||
r-devel-windows-x86_64 | 3.1.1 | 58.00 | 343.00 | 401.00 | NOTE | |
r-patched-linux-x86_64 | 3.1.1 | 47.76 | 310.18 | 357.94 | NOTE | |
r-release-linux-x86_64 | 3.1.1 | 49.72 | 313.79 | 363.51 | NOTE | |
r-release-macos-arm64 | 3.1.1 | 145.00 | NOTE | |||
r-release-macos-x86_64 | 3.1.1 | 269.00 | NOTE | |||
r-release-windows-x86_64 | 3.1.1 | 54.00 | 334.00 | 388.00 | NOTE | |
r-oldrel-macos-arm64 | 3.1.1 | 134.00 | NOTE | |||
r-oldrel-macos-x86_64 | 3.1.1 | 263.00 | NOTE | |||
r-oldrel-windows-x86_64 | 3.1.1 | 68.00 | 420.00 | 488.00 | NOTE |
Version: 3.1.1
Check: C++ specification
Result: NOTE
Specified C++11: please drop specification unless essential
Flavors: r-devel-linux-x86_64-debian-clang, r-devel-linux-x86_64-debian-gcc, r-devel-linux-x86_64-fedora-clang, r-devel-linux-x86_64-fedora-gcc, r-devel-windows-x86_64, r-patched-linux-x86_64, r-release-linux-x86_64, r-release-macos-arm64, r-release-macos-x86_64, r-release-windows-x86_64, r-oldrel-macos-arm64, r-oldrel-macos-x86_64, r-oldrel-windows-x86_64
These binaries (installable software) and packages are in development.
They may not be fully stable and should be used with caution. We make no claims about them.