Last updated on 2025-10-23 21:51:24 CEST.
| Flavor | Version | Tinstall | Tcheck | Ttotal | Status | Flags |
|---|---|---|---|---|---|---|
| r-devel-linux-x86_64-debian-clang | 0.1.2 | 10.04 | 26.53 | 36.57 | NOTE | |
| r-devel-linux-x86_64-debian-gcc | 0.1.2 | 6.92 | 21.60 | 28.52 | NOTE | |
| r-devel-linux-x86_64-fedora-clang | 0.1.2 | 36.00 | 24.46 | 60.46 | NOTE | |
| r-devel-linux-x86_64-fedora-gcc | 0.1.2 | 24.00 | 29.57 | 53.57 | NOTE | |
| r-devel-windows-x86_64 | 0.1.2 | 13.00 | 60.00 | 73.00 | NOTE | |
| r-patched-linux-x86_64 | 0.1.2 | 9.53 | 23.72 | 33.25 | NOTE | |
| r-release-linux-x86_64 | 0.1.2 | 9.78 | 23.56 | 33.34 | NOTE | |
| r-release-macos-arm64 | 0.1.2 | 5.00 | 17.00 | 22.00 | NOTE | |
| r-release-macos-x86_64 | 0.1.2 | 9.00 | 26.00 | 35.00 | NOTE | |
| r-release-windows-x86_64 | 0.1.2 | 12.00 | 60.00 | 72.00 | NOTE | |
| r-oldrel-macos-arm64 | 0.1.2 | 6.00 | 15.00 | 21.00 | NOTE | |
| r-oldrel-macos-x86_64 | 0.1.2 | 10.00 | 27.00 | 37.00 | NOTE | |
| r-oldrel-windows-x86_64 | 0.1.2 | 12.00 | 71.00 | 83.00 | NOTE |
Version: 0.1.2
Check: C++ specification
Result: NOTE
Specified C++11: please drop specification unless essential
Flavors: r-devel-linux-x86_64-debian-clang, r-devel-linux-x86_64-debian-gcc, r-devel-linux-x86_64-fedora-clang, r-devel-linux-x86_64-fedora-gcc, r-devel-windows-x86_64, r-patched-linux-x86_64, r-release-linux-x86_64, r-release-macos-arm64, r-release-macos-x86_64, r-release-windows-x86_64, r-oldrel-macos-arm64, r-oldrel-macos-x86_64, r-oldrel-windows-x86_64
These binaries (installable software) and packages are in development.
They may not be fully stable and should be used with caution. We make no claims about them.