CRAN Package Check Results for Package deformula

Last updated on 2025-07-17 01:49:45 CEST.

Flavor Version Tinstall Tcheck Ttotal Status Flags
r-devel-linux-x86_64-debian-clang 0.1.2 10.08 24.97 35.05 NOTE
r-devel-linux-x86_64-debian-gcc 0.1.2 7.69 21.12 28.81 NOTE
r-devel-linux-x86_64-fedora-clang 0.1.2 57.55 NOTE
r-devel-linux-x86_64-fedora-gcc 0.1.2 53.02 NOTE
r-devel-windows-x86_64 0.1.2 14.00 62.00 76.00 NOTE
r-patched-linux-x86_64 0.1.2 10.13 22.55 32.68 NOTE
r-release-linux-x86_64 0.1.2 9.25 22.46 31.71 NOTE
r-release-macos-arm64 0.1.2 22.00 NOTE
r-release-macos-x86_64 0.1.2 35.00 NOTE
r-release-windows-x86_64 0.1.2 14.00 61.00 75.00 NOTE
r-oldrel-macos-arm64 0.1.2 21.00 NOTE
r-oldrel-macos-x86_64 0.1.2 37.00 NOTE
r-oldrel-windows-x86_64 0.1.2 13.00 69.00 82.00 NOTE

Check Details

Version: 0.1.2
Check: C++ specification
Result: NOTE Specified C++11: please drop specification unless essential Flavors: r-devel-linux-x86_64-debian-clang, r-devel-linux-x86_64-debian-gcc, r-devel-linux-x86_64-fedora-clang, r-devel-linux-x86_64-fedora-gcc, r-devel-windows-x86_64, r-patched-linux-x86_64, r-release-linux-x86_64, r-release-macos-arm64, r-release-macos-x86_64, r-release-windows-x86_64, r-oldrel-macos-arm64, r-oldrel-macos-x86_64, r-oldrel-windows-x86_64

These binaries (installable software) and packages are in development.
They may not be fully stable and should be used with caution. We make no claims about them.