Last updated on 2025-05-21 21:49:14 CEST.
Flavor | Version | Tinstall | Tcheck | Ttotal | Status | Flags |
---|---|---|---|---|---|---|
r-devel-linux-x86_64-debian-clang | 0.1.2 | 9.27 | 24.47 | 33.74 | NOTE | |
r-devel-linux-x86_64-debian-gcc | 0.1.2 | 7.41 | 20.32 | 27.73 | NOTE | |
r-devel-linux-x86_64-fedora-clang | 0.1.2 | 58.06 | NOTE | |||
r-devel-linux-x86_64-fedora-gcc | 0.1.2 | 55.38 | NOTE | |||
r-devel-windows-x86_64 | 0.1.2 | 12.00 | 70.00 | 82.00 | NOTE | |
r-patched-linux-x86_64 | 0.1.2 | 10.15 | 22.58 | 32.73 | NOTE | |
r-release-linux-x86_64 | 0.1.2 | 10.00 | 22.67 | 32.67 | NOTE | |
r-release-macos-arm64 | 0.1.2 | 22.00 | NOTE | |||
r-release-macos-x86_64 | 0.1.2 | 35.00 | NOTE | |||
r-release-windows-x86_64 | 0.1.2 | 14.00 | 72.00 | 86.00 | NOTE | |
r-oldrel-macos-arm64 | 0.1.2 | 21.00 | NOTE | |||
r-oldrel-macos-x86_64 | 0.1.2 | 37.00 | NOTE | |||
r-oldrel-windows-x86_64 | 0.1.2 | 11.00 | 69.00 | 80.00 | NOTE |
Version: 0.1.2
Check: C++ specification
Result: NOTE
Specified C++11: please drop specification unless essential
Flavors: r-devel-linux-x86_64-debian-clang, r-devel-linux-x86_64-debian-gcc, r-devel-linux-x86_64-fedora-clang, r-devel-linux-x86_64-fedora-gcc, r-devel-windows-x86_64, r-patched-linux-x86_64, r-release-linux-x86_64, r-release-macos-arm64, r-release-macos-x86_64, r-release-windows-x86_64, r-oldrel-macos-arm64, r-oldrel-macos-x86_64, r-oldrel-windows-x86_64
These binaries (installable software) and packages are in development.
They may not be fully stable and should be used with caution. We make no claims about them.