CRAN Package Check Results for Package deident

Last updated on 2025-05-08 04:52:02 CEST.

Flavor Version Tinstall Tcheck Ttotal Status Flags
r-devel-linux-x86_64-debian-clang 1.0.0 18.75 100.52 119.27 NOTE
r-devel-linux-x86_64-debian-gcc 1.0.0 12.33 75.32 87.65 NOTE
r-devel-linux-x86_64-fedora-clang 1.0.0 177.74 NOTE
r-devel-linux-x86_64-fedora-gcc 1.0.0 201.12 NOTE
r-devel-windows-x86_64 1.0.0 20.00 118.00 138.00 NOTE
r-patched-linux-x86_64 1.0.0 21.27 95.53 116.80 NOTE
r-release-linux-x86_64 1.0.0 16.89 96.15 113.04 NOTE
r-release-macos-arm64 1.0.0 64.00 NOTE
r-release-macos-x86_64 1.0.0 142.00 NOTE
r-release-windows-x86_64 1.0.0 22.00 121.00 143.00 NOTE
r-oldrel-macos-arm64 1.0.0 73.00 OK
r-oldrel-macos-x86_64 1.0.0 107.00 OK
r-oldrel-windows-x86_64 1.0.0 28.00 146.00 174.00 OK

Check Details

Version: 1.0.0
Check: DESCRIPTION meta-information
Result: NOTE Missing dependency on R >= 4.1.0 because package code uses the pipe |> or function shorthand \(...) syntax added in R 4.1.0. File(s) using such syntax: ‘api.R’ ‘category_blur.R’ ‘deident.R’ Flavors: r-devel-linux-x86_64-debian-clang, r-devel-linux-x86_64-debian-gcc, r-devel-linux-x86_64-fedora-clang, r-devel-linux-x86_64-fedora-gcc, r-devel-windows-x86_64, r-patched-linux-x86_64, r-release-linux-x86_64, r-release-macos-arm64, r-release-macos-x86_64, r-release-windows-x86_64

These binaries (installable software) and packages are in development.
They may not be fully stable and should be used with caution. We make no claims about them.