Last updated on 2025-02-19 16:50:45 CET.
Flavor | Version | Tinstall | Tcheck | Ttotal | Status | Flags |
---|---|---|---|---|---|---|
r-devel-linux-x86_64-debian-clang | 1.0.0 | 18.45 | 92.85 | 111.30 | NOTE | |
r-devel-linux-x86_64-debian-gcc | 1.0.0 | 13.69 | 69.74 | 83.43 | NOTE | |
r-devel-linux-x86_64-fedora-clang | 1.0.0 | 180.42 | NOTE | |||
r-devel-linux-x86_64-fedora-gcc | 1.0.0 | 190.37 | NOTE | |||
r-devel-macos-arm64 | 1.0.0 | 68.00 | OK | |||
r-devel-macos-x86_64 | 1.0.0 | 142.00 | NOTE | |||
r-devel-windows-x86_64 | 1.0.0 | 20.00 | 113.00 | 133.00 | NOTE | |
r-patched-linux-x86_64 | 1.0.0 | 19.10 | 86.37 | 105.47 | OK | |
r-release-linux-x86_64 | 1.0.0 | 17.27 | 87.23 | 104.50 | OK | |
r-release-macos-arm64 | 1.0.0 | 73.00 | OK | |||
r-release-macos-x86_64 | 1.0.0 | 107.00 | OK | |||
r-release-windows-x86_64 | 1.0.0 | 22.00 | 111.00 | 133.00 | OK | |
r-oldrel-macos-arm64 | 1.0.0 | 70.00 | OK | |||
r-oldrel-macos-x86_64 | 1.0.0 | 110.00 | OK | |||
r-oldrel-windows-x86_64 | 1.0.0 | 26.00 | 128.00 | 154.00 | OK |
Version: 1.0.0
Check: DESCRIPTION meta-information
Result: NOTE
Missing dependency on R >= 4.1.0 because package code uses the pipe
|> or function shorthand \(...) syntax added in R 4.1.0.
File(s) using such syntax:
‘api.R’ ‘category_blur.R’ ‘deident.R’
Flavors: r-devel-linux-x86_64-debian-clang, r-devel-linux-x86_64-debian-gcc, r-devel-linux-x86_64-fedora-clang, r-devel-linux-x86_64-fedora-gcc, r-devel-macos-x86_64, r-devel-windows-x86_64
These binaries (installable software) and packages are in development.
They may not be fully stable and should be used with caution. We make no claims about them.