Last updated on 2025-07-26 07:50:19 CEST.
Flavor | Version | Tinstall | Tcheck | Ttotal | Status | Flags |
---|---|---|---|---|---|---|
r-devel-linux-x86_64-debian-clang | 1.0.0 | 19.32 | 104.28 | 123.60 | NOTE | |
r-devel-linux-x86_64-debian-gcc | 1.0.0 | 12.57 | 79.45 | 92.02 | NOTE | |
r-devel-linux-x86_64-fedora-clang | 1.0.0 | 202.63 | NOTE | |||
r-devel-linux-x86_64-fedora-gcc | 1.0.0 | 204.56 | NOTE | |||
r-devel-windows-x86_64 | 1.0.0 | 23.00 | 117.00 | 140.00 | NOTE | |
r-patched-linux-x86_64 | 1.0.0 | 19.58 | 97.18 | 116.76 | NOTE | |
r-release-linux-x86_64 | 1.0.0 | 18.52 | 97.47 | 115.99 | NOTE | |
r-release-macos-arm64 | 1.0.0 | 64.00 | NOTE | |||
r-release-macos-x86_64 | 1.0.0 | 142.00 | NOTE | |||
r-release-windows-x86_64 | 1.0.0 | 22.00 | 119.00 | 141.00 | NOTE | |
r-oldrel-macos-arm64 | 1.0.0 | 73.00 | OK | |||
r-oldrel-macos-x86_64 | 1.0.0 | 107.00 | OK | |||
r-oldrel-windows-x86_64 | 1.0.0 | 29.00 | 145.00 | 174.00 | OK |
Version: 1.0.0
Check: DESCRIPTION meta-information
Result: NOTE
Missing dependency on R >= 4.1.0 because package code uses the pipe
|> or function shorthand \(...) syntax added in R 4.1.0.
File(s) using such syntax:
‘api.R’ ‘category_blur.R’ ‘deident.R’
Flavors: r-devel-linux-x86_64-debian-clang, r-devel-linux-x86_64-debian-gcc, r-devel-linux-x86_64-fedora-clang, r-devel-linux-x86_64-fedora-gcc, r-devel-windows-x86_64, r-patched-linux-x86_64, r-release-linux-x86_64, r-release-macos-arm64, r-release-macos-x86_64, r-release-windows-x86_64
These binaries (installable software) and packages are in development.
They may not be fully stable and should be used with caution. We make no claims about them.