Last updated on 2025-10-24 05:50:36 CEST.
| Flavor | Version | Tinstall | Tcheck | Ttotal | Status | Flags |
|---|---|---|---|---|---|---|
| r-devel-linux-x86_64-debian-clang | 0.5.0 | 6.55 | 55.28 | 61.83 | NOTE | |
| r-devel-linux-x86_64-debian-gcc | 0.5.0 | 5.19 | 43.12 | 48.31 | OK | |
| r-devel-linux-x86_64-fedora-clang | 0.5.0 | 19.00 | 81.93 | 100.93 | OK | |
| r-devel-linux-x86_64-fedora-gcc | 0.5.0 | 14.00 | 90.35 | 104.35 | OK | |
| r-devel-windows-x86_64 | 0.5.0 | 9.00 | 115.00 | 124.00 | OK | |
| r-patched-linux-x86_64 | 0.5.0 | 5.76 | 52.07 | 57.83 | OK | |
| r-release-linux-x86_64 | 0.5.0 | 6.79 | 51.70 | 58.49 | OK | |
| r-release-macos-arm64 | 0.5.0 | 3.00 | 83.00 | 86.00 | OK | |
| r-release-macos-x86_64 | 0.5.0 | 5.00 | 99.00 | 104.00 | OK | |
| r-release-windows-x86_64 | 0.5.0 | 9.00 | 122.00 | 131.00 | OK | |
| r-oldrel-macos-arm64 | 0.5.0 | 3.00 | 74.00 | 77.00 | OK | |
| r-oldrel-macos-x86_64 | 0.5.0 | 5.00 | 88.00 | 93.00 | OK | |
| r-oldrel-windows-x86_64 | 0.5.0 | 12.00 | 136.00 | 148.00 | OK |
Version: 0.5.0
Check: HTML version of manual
Result: NOTE
Found the following HTML validation problems:
eval_delayed.html:50:1 (eval_delayed.Rd:12): Warning: missing </ul> before </div>
make_graph.html:54:1 (make_graph.Rd:14): Warning: missing </ul> before </div>
Flavor: r-devel-linux-x86_64-debian-clang
These binaries (installable software) and packages are in development.
They may not be fully stable and should be used with caution. We make no claims about them.