Last updated on 2025-11-11 15:50:31 CET.
| Flavor | Version | Tinstall | Tcheck | Ttotal | Status | Flags |
|---|---|---|---|---|---|---|
| r-devel-linux-x86_64-debian-clang | 1.4-1 | 2.46 | 32.56 | 35.02 | NOTE | |
| r-devel-linux-x86_64-debian-gcc | 1.4-1 | 1.87 | 25.62 | 27.49 | NOTE | |
| r-devel-linux-x86_64-fedora-clang | 1.4-1 | 52.90 | OK | |||
| r-devel-linux-x86_64-fedora-gcc | 1.4-1 | 63.36 | OK | |||
| r-devel-windows-x86_64 | 1.4-1 | 6.00 | 57.00 | 63.00 | OK | |
| r-patched-linux-x86_64 | 1.4-1 | 2.28 | 30.71 | 32.99 | OK | |
| r-release-linux-x86_64 | 1.4-1 | 2.41 | 30.94 | 33.35 | OK | |
| r-release-macos-arm64 | 1.4-1 | 1.00 | 26.00 | 27.00 | OK | |
| r-release-macos-x86_64 | 1.4-1 | 3.00 | 50.00 | 53.00 | OK | |
| r-release-windows-x86_64 | 1.4-1 | 5.00 | 57.00 | 62.00 | OK | |
| r-oldrel-macos-arm64 | 1.4-1 | 1.00 | 28.00 | 29.00 | OK | |
| r-oldrel-macos-x86_64 | 1.4-1 | 3.00 | 76.00 | 79.00 | OK | |
| r-oldrel-windows-x86_64 | 1.4-1 | 6.00 | 63.00 | 69.00 | OK |
Version: 1.4-1
Check: CRAN incoming feasibility
Result: NOTE
Maintainer: ‘Terry Therneau <therneau.terry@mayo.edu>’
No Authors@R field in DESCRIPTION.
Please add one, modifying
Authors@R: person(given = "Terry",
family = "Therneau",
role = c("aut", "cre"),
email = "therneau.terry@mayo.edu")
as necessary.
Flavors: r-devel-linux-x86_64-debian-clang, r-devel-linux-x86_64-debian-gcc
These binaries (installable software) and packages are in development.
They may not be fully stable and should be used with caution. We make no claims about them.