Last updated on 2025-05-23 07:50:56 CEST.
Flavor | Version | Tinstall | Tcheck | Ttotal | Status | Flags |
---|---|---|---|---|---|---|
r-devel-linux-x86_64-debian-clang | 1.4-1 | 2.47 | 30.13 | 32.60 | NOTE | |
r-devel-linux-x86_64-debian-gcc | 1.4-1 | 1.83 | 24.27 | 26.10 | NOTE | |
r-devel-linux-x86_64-fedora-clang | 1.4-1 | 52.18 | OK | |||
r-devel-linux-x86_64-fedora-gcc | 1.4-1 | 62.65 | OK | |||
r-devel-windows-x86_64 | 1.4-1 | 3.00 | 112.00 | 115.00 | OK | |
r-patched-linux-x86_64 | 1.4-1 | 2.63 | 28.65 | 31.28 | OK | |
r-release-linux-x86_64 | 1.4-1 | 2.48 | 28.77 | 31.25 | OK | |
r-release-macos-arm64 | 1.4-1 | 27.00 | OK | |||
r-release-macos-x86_64 | 1.4-1 | 53.00 | OK | |||
r-release-windows-x86_64 | 1.4-1 | 4.00 | 116.00 | 120.00 | OK | |
r-oldrel-macos-arm64 | 1.4-1 | 29.00 | OK | |||
r-oldrel-macos-x86_64 | 1.4-1 | 79.00 | OK | |||
r-oldrel-windows-x86_64 | 1.4-1 | 3.00 | 63.00 | 66.00 | OK |
Version: 1.4-1
Check: CRAN incoming feasibility
Result: NOTE
Maintainer: ‘Terry Therneau <therneau.terry@mayo.edu>’
No Authors@R field in DESCRIPTION.
Please add one, modifying
Authors@R: person(given = "Terry",
family = "Therneau",
role = c("aut", "cre"),
email = "therneau.terry@mayo.edu")
as necessary.
Flavors: r-devel-linux-x86_64-debian-clang, r-devel-linux-x86_64-debian-gcc
These binaries (installable software) and packages are in development.
They may not be fully stable and should be used with caution. We make no claims about them.