Last updated on 2025-10-03 01:49:42 CEST.
Flavor | Version | Tinstall | Tcheck | Ttotal | Status | Flags |
---|---|---|---|---|---|---|
r-devel-linux-x86_64-debian-clang | 0.1 | 3.34 | 35.58 | 38.92 | OK | |
r-devel-linux-x86_64-debian-gcc | 0.1 | 2.44 | 27.39 | 29.83 | OK | |
r-devel-linux-x86_64-fedora-clang | 0.1 | 58.18 | OK | |||
r-devel-linux-x86_64-fedora-gcc | 0.1 | 73.65 | OK | |||
r-devel-windows-x86_64 | 0.1 | 5.00 | 53.00 | 58.00 | OK | |
r-patched-linux-x86_64 | 0.1 | 3.33 | 32.55 | 35.88 | OK | |
r-release-linux-x86_64 | 0.1 | 2.26 | 32.74 | 35.00 | OK | |
r-release-macos-arm64 | 0.1 | 38.00 | OK | |||
r-release-macos-x86_64 | 0.1 | 73.00 | OK | |||
r-release-windows-x86_64 | 0.1 | 5.00 | 53.00 | 58.00 | OK | |
r-oldrel-macos-arm64 | 0.1 | 27.00 | NOTE | |||
r-oldrel-macos-x86_64 | 0.1 | 40.00 | NOTE | |||
r-oldrel-windows-x86_64 | 0.1 | 6.00 | 61.00 | 67.00 | NOTE |
Version: 0.1
Check: LazyData
Result: NOTE
'LazyData' is specified without a 'data' directory
Flavors: r-oldrel-macos-arm64, r-oldrel-macos-x86_64, r-oldrel-windows-x86_64
These binaries (installable software) and packages are in development.
They may not be fully stable and should be used with caution. We make no claims about them.