CRAN Package Check Results for Package demoShiny

Last updated on 2025-05-08 04:52:02 CEST.

Flavor Version Tinstall Tcheck Ttotal Status Flags
r-devel-linux-x86_64-debian-clang 0.1 3.44 33.64 37.08 OK
r-devel-linux-x86_64-debian-gcc 0.1 2.55 26.38 28.93 OK
r-devel-linux-x86_64-fedora-clang 0.1 57.55 OK
r-devel-linux-x86_64-fedora-gcc 0.1 69.26 OK
r-devel-windows-x86_64 0.1 6.00 52.00 58.00 OK
r-patched-linux-x86_64 0.1 3.08 31.39 34.47 OK
r-release-linux-x86_64 0.1 3.54 31.50 35.04 OK
r-release-macos-arm64 0.1 38.00 OK
r-release-macos-x86_64 0.1 73.00 OK
r-release-windows-x86_64 0.1 6.00 55.00 61.00 OK
r-oldrel-macos-arm64 0.1 27.00 NOTE
r-oldrel-macos-x86_64 0.1 40.00 NOTE
r-oldrel-windows-x86_64 0.1 7.00 59.00 66.00 NOTE

Check Details

Version: 0.1
Check: LazyData
Result: NOTE 'LazyData' is specified without a 'data' directory Flavors: r-oldrel-macos-arm64, r-oldrel-macos-x86_64, r-oldrel-windows-x86_64

These binaries (installable software) and packages are in development.
They may not be fully stable and should be used with caution. We make no claims about them.