CRAN Package Check Results for Package dendroextras

Last updated on 2025-05-22 06:51:43 CEST.

Flavor Version Tinstall Tcheck Ttotal Status Flags
r-devel-linux-x86_64-debian-clang 0.2.3 1.80 21.15 22.95 NOTE
r-devel-linux-x86_64-debian-gcc 0.2.3 1.42 16.99 18.41 NOTE
r-devel-linux-x86_64-fedora-clang 0.2.3 33.64 OK
r-devel-linux-x86_64-fedora-gcc 0.2.3 32.07 OK
r-devel-windows-x86_64 0.2.3 4.00 58.00 62.00 OK
r-patched-linux-x86_64 0.2.3 1.71 18.90 20.61 OK
r-release-linux-x86_64 0.2.3 1.84 18.94 20.78 OK
r-release-macos-arm64 0.2.3 20.00 OK
r-release-macos-x86_64 0.2.3 37.00 OK
r-release-windows-x86_64 0.2.3 5.00 70.00 75.00 OK
r-oldrel-macos-arm64 0.2.3 20.00 OK
r-oldrel-macos-x86_64 0.2.3 22.00 OK
r-oldrel-windows-x86_64 0.2.3 3.00 44.00 47.00 OK

Check Details

Version: 0.2.3
Check: CRAN incoming feasibility
Result: NOTE Maintainer: ‘Gregory Jefferis <jefferis@gmail.com>’ Found the following \keyword or \concept entries which likely give several index terms: File ‘dendroextras-package.Rd’: \keyword{package,} Flavors: r-devel-linux-x86_64-debian-clang, r-devel-linux-x86_64-debian-gcc

These binaries (installable software) and packages are in development.
They may not be fully stable and should be used with caution. We make no claims about them.