Last updated on 2024-07-27 15:50:15 CEST.
Flavor | Version | Tinstall | Tcheck | Ttotal | Status | Flags |
---|---|---|---|---|---|---|
r-devel-linux-x86_64-debian-clang | 1.0.4 | 11.59 | 41.96 | 53.55 | OK | |
r-devel-linux-x86_64-debian-gcc | 1.0.4 | OK | ||||
r-devel-linux-x86_64-fedora-clang | 1.0.4 | 66.18 | NOTE | |||
r-devel-linux-x86_64-fedora-gcc | 1.0.4 | 66.93 | NOTE | |||
r-devel-windows-x86_64 | 1.0.4 | 17.00 | 59.00 | 76.00 | OK | |
r-patched-linux-x86_64 | 1.0.4 | OK | ||||
r-release-linux-x86_64 | 1.0.4 | 9.66 | 40.05 | 49.71 | OK | |
r-release-macos-arm64 | 1.0.4 | 31.00 | OK | |||
r-release-macos-x86_64 | 1.0.4 | 47.00 | OK | |||
r-release-windows-x86_64 | 1.0.4 | 16.00 | 59.00 | 75.00 | OK | |
r-oldrel-macos-arm64 | 1.0.4 | 31.00 | OK | |||
r-oldrel-macos-x86_64 | 1.0.4 | 63.00 | OK | |||
r-oldrel-windows-x86_64 | 1.0.4 | 22.00 | 65.00 | 87.00 | OK |
Version: 1.0.4
Check: data for non-ASCII characters
Result: NOTE
Note: found 3 marked UTF-8 strings
Flavors: r-devel-linux-x86_64-fedora-clang, r-devel-linux-x86_64-fedora-gcc
These binaries (installable software) and packages are in development.
They may not be fully stable and should be used with caution. We make no claims about them.