Last updated on 2025-05-01 12:49:26 CEST.
Flavor | Version | Tinstall | Tcheck | Ttotal | Status | Flags |
---|---|---|---|---|---|---|
r-devel-linux-x86_64-debian-clang | 2.1.1 | 30.45 | 98.28 | 128.73 | NOTE | |
r-devel-linux-x86_64-debian-gcc | 2.1.1 | 19.22 | 66.67 | 85.89 | NOTE | |
r-devel-linux-x86_64-fedora-clang | 2.1.1 | 192.90 | NOTE | |||
r-devel-linux-x86_64-fedora-gcc | 2.1.1 | 185.76 | NOTE | |||
r-devel-windows-x86_64 | 2.1.1 | 39.00 | 118.00 | 157.00 | NOTE | |
r-patched-linux-x86_64 | 2.1.1 | 30.04 | 90.20 | 120.24 | NOTE | |
r-release-linux-x86_64 | NOTE | |||||
r-release-macos-arm64 | 2.1.1 | 76.00 | NOTE | |||
r-release-macos-x86_64 | 2.1.1 | 164.00 | NOTE | |||
r-release-windows-x86_64 | 2.1.1 | 36.00 | 127.00 | 163.00 | NOTE | |
r-oldrel-macos-arm64 | 2.1.1 | 74.00 | OK | |||
r-oldrel-macos-x86_64 | 2.1.1 | 115.00 | OK | |||
r-oldrel-windows-x86_64 | 2.1.1 | 54.00 | 144.00 | 198.00 | OK |
Version: 2.1.1
Check: DESCRIPTION meta-information
Result: NOTE
Missing dependency on R >= 4.1.0 because package code uses the pipe
|> or function shorthand \(...) syntax added in R 4.1.0.
File(s) using such syntax:
‘convert_slwer_to_tidy.R’ ‘download_pdfwer_srilanka.R’
‘get_pdflinks_srilanka.R’ ‘min_max.R’
Flavors: r-devel-linux-x86_64-debian-clang, r-devel-linux-x86_64-debian-gcc, r-devel-linux-x86_64-fedora-clang, r-devel-linux-x86_64-fedora-gcc, r-devel-windows-x86_64, r-patched-linux-x86_64, r-release-linux-x86_64, r-release-macos-arm64, r-release-macos-x86_64, r-release-windows-x86_64
These binaries (installable software) and packages are in development.
They may not be fully stable and should be used with caution. We make no claims about them.