CRAN Package Check Results for Package denovolyzeR

Last updated on 2025-07-05 01:49:20 CEST.

Flavor Version Tinstall Tcheck Ttotal Status Flags
r-devel-linux-x86_64-debian-clang 0.2.0 11.23 65.03 76.26 NOTE
r-devel-linux-x86_64-debian-gcc 0.2.0 7.38 50.55 57.93 NOTE
r-devel-linux-x86_64-fedora-clang 0.2.0 119.46 OK
r-devel-linux-x86_64-fedora-gcc 0.2.0 126.18 OK
r-devel-windows-x86_64 0.2.0 12.00 86.00 98.00 OK
r-patched-linux-x86_64 0.2.0 10.30 63.80 74.10 OK
r-release-linux-x86_64 0.2.0 10.88 63.60 74.48 OK
r-release-macos-arm64 0.2.0 63.00 OK
r-release-macos-x86_64 0.2.0 94.00 OK
r-release-windows-x86_64 0.2.0 11.00 87.00 98.00 OK
r-oldrel-macos-arm64 0.2.0 49.00 OK
r-oldrel-macos-x86_64 0.2.0 81.00 OK
r-oldrel-windows-x86_64 0.2.0 15.00 106.00 121.00 OK

Check Details

Version: 0.2.0
Check: CRAN incoming feasibility
Result: NOTE Maintainer: ‘James Ware <j.ware@imperial.ac.uk>’ Found the following URLs which should use \doi (with the DOI name only): File ‘fmrpGenes.Rd’: http://dx.doi.org/10.1016/j.cell.2011.06.013 Flavors: r-devel-linux-x86_64-debian-clang, r-devel-linux-x86_64-debian-gcc

These binaries (installable software) and packages are in development.
They may not be fully stable and should be used with caution. We make no claims about them.