CRAN Package Check Results for Package densEstBayes

Last updated on 2025-10-04 11:50:32 CEST.

Flavor Version Tinstall Tcheck Ttotal Status Flags
r-devel-linux-x86_64-debian-clang 1.0-2.2 154.98 145.07 300.05 NOTE
r-devel-linux-x86_64-debian-gcc 1.0-2.2 133.41 115.36 248.77 NOTE
r-devel-linux-x86_64-fedora-clang 1.0-2.2 498.48 OK
r-devel-linux-x86_64-fedora-gcc 1.0-2.2 569.01 OK
r-devel-windows-x86_64 1.0-2.2 183.00 173.00 356.00 OK
r-patched-linux-x86_64 1.0-2.2 176.59 151.11 327.70 OK
r-release-linux-x86_64 1.0-2.2 179.71 149.73 329.44 OK
r-release-macos-arm64 1.0-2.2 123.00 OK
r-release-macos-x86_64 1.0-2.2 225.00 OK
r-release-windows-x86_64 1.0-2.2 193.00 172.00 365.00 OK
r-oldrel-macos-arm64 1.0-2.2 77.00 NOTE
r-oldrel-macos-x86_64 1.0-2.2 121.00 NOTE
r-oldrel-windows-x86_64 1.0-2.2 213.00 218.00 431.00 NOTE

Check Details

Version: 1.0-2.2
Check: CRAN incoming feasibility
Result: NOTE Maintainer: ‘Matt P. Wand <matt.wand@uts.edu.au>’ The Description field contains methodology is described in Wand and Yu (2020) <arXiv:2009.06182>. Please refer to arXiv e-prints via their arXiv DOI <doi:10.48550/arXiv.YYMM.NNNNN>. Flavors: r-devel-linux-x86_64-debian-clang, r-devel-linux-x86_64-debian-gcc

Version: 1.0-2.2
Check: installed package size
Result: NOTE installed size is 44.6Mb sub-directories of 1Mb or more: doc 1.9Mb libs 42.4Mb Flavors: r-oldrel-macos-arm64, r-oldrel-macos-x86_64

Version: 1.0-2.2
Check: for GNU extensions in Makefiles
Result: NOTE GNU make is a SystemRequirements. Flavors: r-oldrel-macos-arm64, r-oldrel-macos-x86_64, r-oldrel-windows-x86_64

These binaries (installable software) and packages are in development.
They may not be fully stable and should be used with caution. We make no claims about them.