Last updated on 2025-02-16 10:50:44 CET.
Flavor | Version | Tinstall | Tcheck | Ttotal | Status | Flags |
---|---|---|---|---|---|---|
r-devel-linux-x86_64-debian-clang | 0.1.0 | 6.84 | 123.42 | 130.26 | NOTE | |
r-devel-linux-x86_64-debian-gcc | 0.1.0 | 4.46 | 91.87 | 96.33 | NOTE | |
r-devel-linux-x86_64-fedora-clang | 0.1.0 | 222.21 | OK | |||
r-devel-linux-x86_64-fedora-gcc | 0.1.0 | 219.36 | OK | |||
r-devel-macos-arm64 | 0.1.0 | 69.00 | OK | |||
r-devel-macos-x86_64 | 0.1.0 | 147.00 | OK | |||
r-devel-windows-x86_64 | 0.1.0 | 9.00 | 122.00 | 131.00 | NOTE | |
r-patched-linux-x86_64 | 0.1.0 | 11.64 | 118.02 | 129.66 | OK | |
r-release-linux-x86_64 | 0.1.0 | 6.41 | 118.08 | 124.49 | OK | |
r-release-macos-arm64 | 0.1.0 | 63.00 | OK | |||
r-release-macos-x86_64 | 0.1.0 | 95.00 | OK | |||
r-release-windows-x86_64 | 0.1.0 | 8.00 | 120.00 | 128.00 | OK | |
r-oldrel-macos-arm64 | 0.1.0 | 67.00 | OK | |||
r-oldrel-macos-x86_64 | 0.1.0 | 114.00 | OK | |||
r-oldrel-windows-x86_64 | 0.1.0 | 10.00 | 136.00 | 146.00 | OK |
Version: 0.1.0
Check: Rd cross-references
Result: NOTE
Found the following Rd file(s) with Rd \link{} targets missing package
anchors:
density_polygons.Rd: sf
Please provide package anchors for all Rd \link{} targets not in the
package itself and the base packages.
Flavors: r-devel-linux-x86_64-debian-clang, r-devel-linux-x86_64-debian-gcc, r-devel-windows-x86_64
These binaries (installable software) and packages are in development.
They may not be fully stable and should be used with caution. We make no claims about them.