Last updated on 2025-02-23 13:51:09 CET.
Flavor | Version | Tinstall | Tcheck | Ttotal | Status | Flags |
---|---|---|---|---|---|---|
r-devel-linux-x86_64-debian-clang | 1.5.4 | 2.20 | 26.34 | 28.54 | NOTE | |
r-devel-linux-x86_64-debian-gcc | 1.5.4 | 1.92 | 20.20 | 22.12 | NOTE | |
r-devel-linux-x86_64-fedora-clang | 1.5.4 | 44.73 | OK | |||
r-devel-linux-x86_64-fedora-gcc | 1.5.4 | 54.20 | OK | |||
r-devel-macos-arm64 | 1.5.4 | 23.00 | OK | |||
r-devel-macos-x86_64 | 1.5.4 | 37.00 | OK | |||
r-devel-windows-x86_64 | 1.5.4 | 5.00 | 49.00 | 54.00 | NOTE | |
r-patched-linux-x86_64 | 1.5.4 | 2.81 | 24.72 | 27.53 | OK | |
r-release-linux-x86_64 | 1.5.4 | 2.55 | 24.86 | 27.41 | OK | |
r-release-macos-arm64 | 1.5.4 | 22.00 | OK | |||
r-release-macos-x86_64 | 1.5.4 | 31.00 | OK | |||
r-release-windows-x86_64 | 1.5.4 | 4.00 | 50.00 | 54.00 | OK | |
r-oldrel-macos-arm64 | 1.5.4 | 23.00 | OK | |||
r-oldrel-macos-x86_64 | 1.5.4 | 34.00 | OK | |||
r-oldrel-windows-x86_64 | 1.5.4 | 3.00 | 52.00 | 55.00 | OK |
Version: 1.5.4
Check: Rd cross-references
Result: NOTE
Found the following Rd file(s) with Rd \link{} targets missing package
anchors:
densregion.Rd: contourplot, levelplot
densregion.survfit.Rd: survfit
denstrip.Rd: trellis.par.get
denstrip.legend.Rd: trellis.par.get
Please provide package anchors for all Rd \link{} targets not in the
package itself and the base packages.
Flavors: r-devel-linux-x86_64-debian-clang, r-devel-linux-x86_64-debian-gcc, r-devel-windows-x86_64
These binaries (installable software) and packages are in development.
They may not be fully stable and should be used with caution. We make no claims about them.