CRAN Package Check Results for Package depcoeff

Last updated on 2025-02-23 07:51:51 CET.

Flavor Version Tinstall Tcheck Ttotal Status Flags
r-devel-linux-x86_64-debian-clang 0.0.1 17.05 65.73 82.78 OK
r-devel-linux-x86_64-debian-gcc 0.0.1 13.06 50.72 63.78 OK
r-devel-linux-x86_64-fedora-clang 0.0.1 135.03 OK
r-devel-linux-x86_64-fedora-gcc 0.0.1 128.12 OK
r-devel-macos-arm64 0.0.1 40.00 OK
r-devel-macos-x86_64 0.0.1 75.00 OK
r-devel-windows-x86_64 0.0.1 20.00 93.00 113.00 OK
r-patched-linux-x86_64 0.0.1 16.67 62.10 78.77 NOTE
r-release-linux-x86_64 0.0.1 18.41 62.54 80.95 NOTE
r-release-macos-arm64 0.0.1 39.00 NOTE
r-release-macos-x86_64 0.0.1 61.00 NOTE
r-release-windows-x86_64 0.0.1 22.00 91.00 113.00 NOTE
r-oldrel-macos-arm64 0.0.1 45.00 NOTE
r-oldrel-macos-x86_64 0.0.1 71.00 NOTE
r-oldrel-windows-x86_64 0.0.1 20.00 113.00 133.00 NOTE

Check Details

Version: 0.0.1
Check: LazyData
Result: NOTE 'LazyData' is specified without a 'data' directory Flavors: r-patched-linux-x86_64, r-release-linux-x86_64, r-release-macos-arm64, r-release-macos-x86_64, r-release-windows-x86_64, r-oldrel-macos-arm64, r-oldrel-macos-x86_64, r-oldrel-windows-x86_64

These binaries (installable software) and packages are in development.
They may not be fully stable and should be used with caution. We make no claims about them.