Last updated on 2025-05-07 15:49:14 CEST.
Flavor | Version | Tinstall | Tcheck | Ttotal | Status | Flags |
---|---|---|---|---|---|---|
r-devel-linux-x86_64-debian-clang | 3.0 | 8.93 | 49.85 | 58.78 | NOTE | |
r-devel-linux-x86_64-debian-gcc | 3.0 | 6.35 | 32.83 | 39.18 | NOTE | |
r-devel-linux-x86_64-fedora-clang | 3.0 | 94.01 | OK | |||
r-devel-linux-x86_64-fedora-gcc | 3.0 | 89.97 | OK | |||
r-devel-windows-x86_64 | 3.0 | 9.00 | 67.00 | 76.00 | OK | |
r-patched-linux-x86_64 | 3.0 | 9.76 | 46.12 | 55.88 | OK | |
r-release-linux-x86_64 | 3.0 | 8.56 | 46.59 | 55.15 | OK | |
r-release-macos-arm64 | 3.0 | 26.00 | OK | |||
r-release-macos-x86_64 | 3.0 | 48.00 | OK | |||
r-release-windows-x86_64 | 3.0 | 9.00 | 66.00 | 75.00 | OK | |
r-oldrel-macos-arm64 | 3.0 | 25.00 | OK | |||
r-oldrel-macos-x86_64 | 3.0 | 39.00 | OK | |||
r-oldrel-windows-x86_64 | 3.0 | 8.00 | 76.00 | 84.00 | OK |
Version: 3.0
Check: CRAN incoming feasibility
Result: NOTE
Maintainer: ‘Takeshi Emura <takeshiemura@gmail.com>’
No Authors@R field in DESCRIPTION.
Please add one, modifying
Authors@R: person(given = "Takeshi",
family = "Emura",
role = c("aut", "cre"),
email = "takeshiemura@gmail.com")
as necessary.
Flavors: r-devel-linux-x86_64-debian-clang, r-devel-linux-x86_64-debian-gcc
These binaries (installable software) and packages are in development.
They may not be fully stable and should be used with caution. We make no claims about them.