CRAN Package Check Results for Package depmixS4

Last updated on 2025-10-03 05:53:29 CEST.

Flavor Version Tinstall Tcheck Ttotal Status Flags
r-devel-linux-x86_64-debian-clang 1.5-1 10.24 112.27 122.51 OK
r-devel-linux-x86_64-debian-gcc 1.5-1 7.08 78.89 85.97 OK
r-devel-linux-x86_64-fedora-clang 1.5-1 190.45 OK
r-devel-linux-x86_64-fedora-gcc 1.5-1 199.44 OK
r-devel-windows-x86_64 1.5-1 14.00 272.00 286.00 OK
r-patched-linux-x86_64 1.5-1 10.97 105.55 116.52 OK
r-release-linux-x86_64 1.5-1 9.34 104.37 113.71 OK
r-release-macos-arm64 1.5-1 83.00 OK
r-release-macos-x86_64 1.5-1 111.00 OK
r-release-windows-x86_64 1.5-1 14.00 149.00 163.00 OK
r-oldrel-macos-arm64 1.5-1 63.00 NOTE
r-oldrel-macos-x86_64 1.5-1 157.00 NOTE
r-oldrel-windows-x86_64 1.5-1 18.00 174.00 192.00 NOTE

Check Details

Version: 1.5-1
Check: package dependencies
Result: NOTE Package suggested but not available for checking: ‘Rdonlp2’ Flavors: r-oldrel-macos-arm64, r-oldrel-macos-x86_64, r-oldrel-windows-x86_64

These binaries (installable software) and packages are in development.
They may not be fully stable and should be used with caution. We make no claims about them.