Last updated on 2025-11-12 23:50:41 CET.
| Flavor | Version | Tinstall | Tcheck | Ttotal | Status | Flags |
|---|---|---|---|---|---|---|
| r-devel-linux-x86_64-debian-clang | 1.5-1 | 9.39 | 111.10 | 120.49 | OK | |
| r-devel-linux-x86_64-debian-gcc | 1.5-1 | 6.14 | 77.36 | 83.50 | OK | |
| r-devel-linux-x86_64-fedora-clang | 1.5-1 | 22.00 | 172.52 | 194.52 | OK | |
| r-devel-linux-x86_64-fedora-gcc | 1.5-1 | 22.00 | 178.77 | 200.77 | OK | |
| r-devel-windows-x86_64 | 1.5-1 | 16.00 | 144.00 | 160.00 | OK | |
| r-patched-linux-x86_64 | 1.5-1 | 11.41 | 106.24 | 117.65 | OK | |
| r-release-linux-x86_64 | 1.5-1 | 10.87 | 104.85 | 115.72 | OK | |
| r-release-macos-arm64 | 1.5-1 | 5.00 | 78.00 | 83.00 | OK | |
| r-release-macos-x86_64 | 1.5-1 | 9.00 | 102.00 | 111.00 | OK | |
| r-release-windows-x86_64 | 1.5-1 | 15.00 | 146.00 | 161.00 | OK | |
| r-oldrel-macos-arm64 | 1.5-1 | 5.00 | 58.00 | 63.00 | NOTE | |
| r-oldrel-macos-x86_64 | 1.5-1 | 9.00 | 148.00 | 157.00 | NOTE | |
| r-oldrel-windows-x86_64 | 1.5-1 | 19.00 | 163.00 | 182.00 | NOTE |
Version: 1.5-1
Check: package dependencies
Result: NOTE
Package suggested but not available for checking: ‘Rdonlp2’
Flavors: r-oldrel-macos-arm64, r-oldrel-macos-x86_64, r-oldrel-windows-x86_64
These binaries (installable software) and packages are in development.
They may not be fully stable and should be used with caution. We make no claims about them.