Last updated on 2025-10-24 05:50:36 CEST.
| Flavor | Version | Tinstall | Tcheck | Ttotal | Status | Flags |
|---|---|---|---|---|---|---|
| r-devel-linux-x86_64-debian-clang | 0.7 | 1.85 | 24.09 | 25.94 | NOTE | |
| r-devel-linux-x86_64-debian-gcc | 0.7 | 1.82 | 19.34 | 21.16 | NOTE | |
| r-devel-linux-x86_64-fedora-clang | 0.7 | 39.29 | OK | |||
| r-devel-linux-x86_64-fedora-gcc | 0.7 | 37.02 | OK | |||
| r-devel-windows-x86_64 | 0.7 | 3.00 | 39.00 | 42.00 | OK | |
| r-patched-linux-x86_64 | 0.7 | 2.48 | 22.57 | 25.05 | OK | |
| r-release-linux-x86_64 | 0.7 | 2.03 | 22.82 | 24.85 | OK | |
| r-release-macos-arm64 | 0.7 | 2.00 | 16.00 | 18.00 | OK | |
| r-release-macos-x86_64 | 0.7 | 2.00 | 23.00 | 25.00 | OK | |
| r-release-windows-x86_64 | 0.7 | 3.00 | 42.00 | 45.00 | OK | |
| r-oldrel-macos-arm64 | 0.7 | 1.00 | 20.00 | 21.00 | OK | |
| r-oldrel-macos-x86_64 | 0.7 | 2.00 | 25.00 | 27.00 | OK | |
| r-oldrel-windows-x86_64 | 0.7 | 3.00 | 40.00 | 43.00 | OK |
Version: 0.7
Check: CRAN incoming feasibility
Result: NOTE
Maintainer: ‘Aurora Torrente <etorrent@est-econ.uc3m.es>’
No Authors@R field in DESCRIPTION.
Please add one, modifying
Authors@R: c(person(given = "Sara",
family = "Lopez-Pintado",
role = "aut",
email = "sl2929@columbia.edu"),
person(given = "Aurora",
family = "Torrente.",
role = "aut",
email = "etorrent@est-econ.uc3m.es"),
person(given = "Aurora",
family = "Torrente",
role = "cre",
email = "etorrent@est-econ.uc3m.es"))
as necessary.
Flavors: r-devel-linux-x86_64-debian-clang, r-devel-linux-x86_64-debian-gcc
These binaries (installable software) and packages are in development.
They may not be fully stable and should be used with caution. We make no claims about them.