Last updated on 2025-05-01 17:56:01 CEST.
Flavor | Version | Tinstall | Tcheck | Ttotal | Status | Flags |
---|---|---|---|---|---|---|
r-devel-linux-x86_64-debian-clang | 0.7 | 2.25 | 22.28 | 24.53 | NOTE | |
r-devel-linux-x86_64-debian-gcc | 0.7 | 1.78 | 17.45 | 19.23 | NOTE | |
r-devel-linux-x86_64-fedora-clang | 0.7 | 37.78 | OK | |||
r-devel-linux-x86_64-fedora-gcc | 0.7 | 36.04 | OK | |||
r-devel-windows-x86_64 | 0.7 | 3.00 | 39.00 | 42.00 | OK | |
r-patched-linux-x86_64 | 0.7 | 2.11 | 21.42 | 23.53 | OK | |
r-release-linux-x86_64 | OK | |||||
r-release-macos-arm64 | 0.7 | 18.00 | OK | |||
r-release-macos-x86_64 | 0.7 | 25.00 | OK | |||
r-release-windows-x86_64 | 0.7 | 3.00 | 42.00 | 45.00 | OK | |
r-oldrel-macos-arm64 | 0.7 | 21.00 | OK | |||
r-oldrel-macos-x86_64 | 0.7 | 27.00 | OK | |||
r-oldrel-windows-x86_64 | 0.7 | 3.00 | 40.00 | 43.00 | OK |
Version: 0.7
Check: CRAN incoming feasibility
Result: NOTE
Maintainer: ‘Aurora Torrente <etorrent@est-econ.uc3m.es>’
No Authors@R field in DESCRIPTION.
Please add one, modifying
Authors@R: c(person(given = "Sara",
family = "Lopez-Pintado",
role = "aut",
email = "sl2929@columbia.edu"),
person(given = "Aurora",
family = "Torrente.",
role = "aut",
email = "etorrent@est-econ.uc3m.es"),
person(given = "Aurora",
family = "Torrente",
role = "cre",
email = "etorrent@est-econ.uc3m.es"))
as necessary.
Flavors: r-devel-linux-x86_64-debian-clang, r-devel-linux-x86_64-debian-gcc
These binaries (installable software) and packages are in development.
They may not be fully stable and should be used with caution. We make no claims about them.