CRAN Package Check Results for Package descomponer

Last updated on 2025-11-11 15:50:32 CET.

Flavor Version Tinstall Tcheck Ttotal Status Flags
r-devel-linux-x86_64-debian-clang 1.6 2.45 29.03 31.48 NOTE
r-devel-linux-x86_64-debian-gcc 1.6 1.83 23.58 25.41 NOTE
r-devel-linux-x86_64-fedora-clang 1.6 45.64 OK
r-devel-linux-x86_64-fedora-gcc 1.6 57.56 OK
r-devel-windows-x86_64 1.6 5.00 52.00 57.00 OK
r-patched-linux-x86_64 1.6 2.48 27.97 30.45 OK
r-release-linux-x86_64 1.6 2.38 27.87 30.25 OK
r-release-macos-arm64 1.6 1.00 24.00 25.00 OK
r-release-macos-x86_64 1.6 2.00 42.00 44.00 OK
r-release-windows-x86_64 1.6 3.00 51.00 54.00 OK
r-oldrel-macos-arm64 1.6 1.00 23.00 24.00 OK
r-oldrel-macos-x86_64 1.6 2.00 34.00 36.00 OK
r-oldrel-windows-x86_64 1.6 3.00 55.00 58.00 OK

Check Details

Version: 1.6
Check: CRAN incoming feasibility
Result: NOTE Maintainer: ‘Francisco Parra <parra_fj@cantabria.es>’ No Authors@R field in DESCRIPTION. Please add one, modifying Authors@R: person(given = "Francisco", family = "Parra", role = c("aut", "cre"), email = "parra_fj@cantabria.es") as necessary. Flavors: r-devel-linux-x86_64-debian-clang, r-devel-linux-x86_64-debian-gcc

These binaries (installable software) and packages are in development.
They may not be fully stable and should be used with caution. We make no claims about them.