CRAN Package Check Results for Package desctable

Last updated on 2025-05-08 04:52:02 CEST.

Flavor Version Tinstall Tcheck Ttotal Status Flags
r-devel-linux-x86_64-debian-clang 0.3.0 6.03 61.96 67.99 NOTE
r-devel-linux-x86_64-debian-gcc 0.3.0 4.23 44.49 48.72 NOTE
r-devel-linux-x86_64-fedora-clang 0.3.0 104.40 OK
r-devel-linux-x86_64-fedora-gcc 0.3.0 114.36 OK
r-devel-windows-x86_64 0.3.0 8.00 82.00 90.00 NOTE
r-patched-linux-x86_64 0.3.0 6.40 57.39 63.79 NOTE
r-release-linux-x86_64 0.3.0 5.68 57.27 62.95 NOTE
r-release-macos-arm64 0.3.0 42.00 OK
r-release-macos-x86_64 0.3.0 75.00 OK
r-release-windows-x86_64 0.3.0 8.00 82.00 90.00 NOTE
r-oldrel-macos-arm64 0.3.0 42.00 OK
r-oldrel-macos-x86_64 0.3.0 59.00 OK
r-oldrel-windows-x86_64 0.3.0 11.00 94.00 105.00 OK

Check Details

Version: 0.3.0
Check: Rd cross-references
Result: NOTE Found the following Rd file(s) with Rd \link{} targets missing package anchors: pander.desctable.Rd: pandoc.table Please provide package anchors for all Rd \link{} targets not in the package itself and the base packages. Flavors: r-devel-linux-x86_64-debian-clang, r-devel-linux-x86_64-debian-gcc, r-devel-windows-x86_64, r-patched-linux-x86_64, r-release-linux-x86_64, r-release-windows-x86_64

These binaries (installable software) and packages are in development.
They may not be fully stable and should be used with caution. We make no claims about them.