CRAN Package Check Results for Package deseats

Last updated on 2025-05-08 04:52:02 CEST.

Flavor Version Tinstall Tcheck Ttotal Status Flags
r-devel-linux-x86_64-debian-clang 1.1.0 65.32 82.79 148.11 OK
r-devel-linux-x86_64-debian-gcc 1.1.0 45.91 58.19 104.10 OK
r-devel-linux-x86_64-fedora-clang 1.1.0 249.22 OK
r-devel-linux-x86_64-fedora-gcc 1.1.0 265.63 OK
r-devel-windows-x86_64 1.1.0 73.00 130.00 203.00 OK
r-patched-linux-x86_64 1.1.0 71.30 77.29 148.59 OK
r-release-linux-x86_64 1.1.0 63.67 76.87 140.54 OK
r-release-macos-arm64 1.1.0 60.00 OK
r-release-macos-x86_64 1.1.0 104.00 OK
r-release-windows-x86_64 1.1.0 79.00 134.00 213.00 OK
r-oldrel-macos-arm64 1.1.0 71.00 NOTE
r-oldrel-macos-x86_64 1.1.0 117.00 NOTE
r-oldrel-windows-x86_64 1.1.0 92.00 156.00 248.00 OK

Check Details

Version: 1.1.0
Check: installed package size
Result: NOTE installed size is 5.9Mb sub-directories of 1Mb or more: libs 5.1Mb Flavors: r-oldrel-macos-arm64, r-oldrel-macos-x86_64

These binaries (installable software) and packages are in development.
They may not be fully stable and should be used with caution. We make no claims about them.