Last updated on 2025-02-23 01:51:38 CET.
Flavor | Version | Tinstall | Tcheck | Ttotal | Status | Flags |
---|---|---|---|---|---|---|
r-devel-linux-x86_64-debian-clang | 0.5.0 | 6.67 | 1042.47 | 1049.14 | OK | |
r-devel-linux-x86_64-debian-gcc | 0.5.0 | 4.50 | 785.55 | 790.05 | OK | |
r-devel-linux-x86_64-fedora-clang | 0.5.0 | 1192.42 | OK | |||
r-devel-linux-x86_64-fedora-gcc | 0.5.0 | 1026.64 | OK | |||
r-devel-macos-arm64 | 0.5.0 | 207.00 | OK | |||
r-devel-macos-x86_64 | 0.5.0 | 481.00 | OK | |||
r-devel-windows-x86_64 | 0.5.0 | 9.00 | 483.00 | 492.00 | OK | |
r-patched-linux-x86_64 | 0.5.0 | 7.45 | 650.75 | 658.20 | OK | |
r-release-linux-x86_64 | 0.5.0 | 6.89 | 655.30 | 662.19 | OK | |
r-release-macos-arm64 | 0.5.0 | 176.00 | NOTE | |||
r-release-macos-x86_64 | 0.5.0 | 317.00 | NOTE | |||
r-release-windows-x86_64 | 0.5.0 | 10.00 | 472.00 | 482.00 | OK | |
r-oldrel-macos-arm64 | 0.5.0 | 188.00 | NOTE | |||
r-oldrel-macos-x86_64 | 0.5.0 | 490.00 | NOTE | |||
r-oldrel-windows-x86_64 | 0.5.0 | 11.00 | 614.00 | 625.00 | OK |
Version: 0.5.0
Check: package dependencies
Result: NOTE
Package suggested but not available for checking: ‘OSAT’
Flavors: r-release-macos-arm64, r-release-macos-x86_64, r-oldrel-macos-arm64, r-oldrel-macos-x86_64
These binaries (installable software) and packages are in development.
They may not be fully stable and should be used with caution. We make no claims about them.