Last updated on 2025-05-08 04:52:02 CEST.
Flavor | Version | Tinstall | Tcheck | Ttotal | Status | Flags |
---|---|---|---|---|---|---|
r-devel-linux-x86_64-debian-clang | 0.5.0 | 7.42 | 1060.16 | 1067.58 | OK | |
r-devel-linux-x86_64-debian-gcc | 0.5.0 | 4.95 | 820.80 | 825.75 | OK | |
r-devel-linux-x86_64-fedora-clang | 0.5.0 | 1274.39 | OK | |||
r-devel-linux-x86_64-fedora-gcc | 0.5.0 | 962.31 | OK | |||
r-devel-windows-x86_64 | 0.5.0 | 9.00 | 481.00 | 490.00 | OK | |
r-patched-linux-x86_64 | 0.5.0 | 6.74 | 661.34 | 668.08 | OK | |
r-release-linux-x86_64 | 0.5.0 | 6.38 | 667.78 | 674.16 | OK | |
r-release-macos-arm64 | 0.5.0 | 220.00 | OK | |||
r-release-macos-x86_64 | 0.5.0 | 481.00 | OK | |||
r-release-windows-x86_64 | 0.5.0 | 9.00 | 488.00 | 497.00 | OK | |
r-oldrel-macos-arm64 | 0.5.0 | 176.00 | NOTE | |||
r-oldrel-macos-x86_64 | 0.5.0 | 317.00 | NOTE | |||
r-oldrel-windows-x86_64 | 0.5.0 | 12.00 | 621.00 | 633.00 | OK |
Version: 0.5.0
Check: package dependencies
Result: NOTE
Package suggested but not available for checking: ‘OSAT’
Flavors: r-oldrel-macos-arm64, r-oldrel-macos-x86_64
These binaries (installable software) and packages are in development.
They may not be fully stable and should be used with caution. We make no claims about them.