CRAN Package Check Results for Package desirability

Last updated on 2025-07-26 07:50:20 CEST.

Flavor Version Tinstall Tcheck Ttotal Status Flags
r-devel-linux-x86_64-debian-clang 2.1 1.95 32.72 34.67 NOTE
r-devel-linux-x86_64-debian-gcc 2.1 1.56 24.69 26.25 NOTE
r-devel-linux-x86_64-fedora-clang 2.1 54.41 OK
r-devel-linux-x86_64-fedora-gcc 2.1 65.59 OK
r-devel-windows-x86_64 2.1 3.00 68.00 71.00 OK
r-patched-linux-x86_64 2.1 1.63 31.11 32.74 OK
r-release-linux-x86_64 2.1 1.88 30.91 32.79 OK
r-release-macos-arm64 2.1 26.00 OK
r-release-macos-x86_64 2.1 49.00 OK
r-release-windows-x86_64 2.1 3.00 61.00 64.00 OK
r-oldrel-macos-arm64 2.1 25.00 OK
r-oldrel-macos-x86_64 2.1 39.00 OK
r-oldrel-windows-x86_64 2.1 3.00 67.00 70.00 OK

Check Details

Version: 2.1
Check: CRAN incoming feasibility
Result: NOTE Maintainer: ‘Max Kuhn <mxkuhn@gmail.com>’ No Authors@R field in DESCRIPTION. Please add one, modifying Authors@R: person(given = "Max", family = "Kuhn", role = c("aut", "cre"), email = "mxkuhn@gmail.com") as necessary. Flavors: r-devel-linux-x86_64-debian-clang, r-devel-linux-x86_64-debian-gcc

These binaries (installable software) and packages are in development.
They may not be fully stable and should be used with caution. We make no claims about them.