Last updated on 2025-10-24 05:50:36 CEST.
| Flavor | Version | Tinstall | Tcheck | Ttotal | Status | Flags |
|---|---|---|---|---|---|---|
| r-devel-linux-x86_64-debian-clang | 0.2.0 | 3.00 | 49.72 | 52.72 | NOTE | |
| r-devel-linux-x86_64-debian-gcc | 0.2.0 | 2.42 | 39.20 | 41.62 | OK | |
| r-devel-linux-x86_64-fedora-clang | 0.2.0 | 15.00 | 69.71 | 84.71 | OK | |
| r-devel-linux-x86_64-fedora-gcc | 0.2.0 | 74.97 | OK | |||
| r-devel-windows-x86_64 | 0.2.0 | 6.00 | 64.00 | 70.00 | OK | |
| r-patched-linux-x86_64 | 0.2.0 | 3.62 | 46.45 | 50.07 | OK | |
| r-release-linux-x86_64 | 0.2.0 | 2.81 | 46.05 | 48.86 | OK | |
| r-release-macos-arm64 | 0.2.0 | 1.00 | 23.00 | 24.00 | OK | |
| r-release-macos-x86_64 | 0.2.0 | 3.00 | 44.00 | 47.00 | OK | |
| r-release-windows-x86_64 | 0.2.0 | 6.00 | 63.00 | 69.00 | OK | |
| r-oldrel-macos-arm64 | 0.2.0 | 1.00 | 29.00 | 30.00 | OK | |
| r-oldrel-macos-x86_64 | 0.2.0 | 2.00 | 48.00 | 50.00 | OK | |
| r-oldrel-windows-x86_64 | 0.2.0 | 7.00 | 81.00 | 88.00 | OK |
Version: 0.2.0
Check: HTML version of manual
Result: NOTE
Found the following HTML validation problems:
aliases.html:93:1 (aliases.Rd:52): Warning: missing </ul> before </div>
Flavor: r-devel-linux-x86_64-debian-clang
These binaries (installable software) and packages are in development.
They may not be fully stable and should be used with caution. We make no claims about them.