Last updated on 2025-02-19 06:50:43 CET.
Flavor | Version | Tinstall | Tcheck | Ttotal | Status | Flags |
---|---|---|---|---|---|---|
r-devel-linux-x86_64-debian-clang | 0.1.1 | 1.89 | 19.85 | 21.74 | OK | |
r-devel-linux-x86_64-debian-gcc | 0.1.1 | 1.46 | 16.39 | 17.85 | OK | |
r-devel-linux-x86_64-fedora-clang | 0.1.1 | 37.20 | OK | |||
r-devel-linux-x86_64-fedora-gcc | 0.1.1 | 32.62 | OK | |||
r-devel-macos-arm64 | 0.1.1 | 17.00 | OK | |||
r-devel-macos-x86_64 | 0.1.1 | 25.00 | OK | |||
r-devel-windows-x86_64 | 0.1.1 | 3.00 | 45.00 | 48.00 | OK | |
r-patched-linux-x86_64 | 0.1.1 | 1.79 | 18.90 | 20.69 | OK | |
r-release-linux-x86_64 | 0.1.1 | 1.80 | 18.96 | 20.76 | OK | |
r-release-macos-arm64 | 0.1.1 | 20.00 | OK | |||
r-release-macos-x86_64 | 0.1.1 | 23.00 | OK | |||
r-release-windows-x86_64 | 0.1.1 | 3.00 | 3.00 | 6.00 | FAIL | |
r-oldrel-macos-arm64 | 0.1.1 | 19.00 | OK | |||
r-oldrel-macos-x86_64 | 0.1.1 | 32.00 | OK | |||
r-oldrel-windows-x86_64 | 0.1.1 | 3.00 | 70.00 | 73.00 | OK |
Version: 0.1.1
Check: package dependencies
Result: FAIL
Flavor: r-release-windows-x86_64
These binaries (installable software) and packages are in development.
They may not be fully stable and should be used with caution. We make no claims about them.