Last updated on 2025-10-24 03:50:26 CEST.
| Flavor | Version | Tinstall | Tcheck | Ttotal | Status | Flags |
|---|---|---|---|---|---|---|
| r-devel-linux-x86_64-debian-clang | 1.0.5 | 14.91 | 98.38 | 113.29 | NOTE | |
| r-devel-linux-x86_64-debian-gcc | 1.0.5 | 11.45 | 79.53 | 90.98 | NOTE | |
| r-devel-linux-x86_64-fedora-clang | 1.0.5 | 39.00 | 141.63 | 180.63 | OK | |
| r-devel-linux-x86_64-fedora-gcc | 1.0.5 | 31.00 | 137.32 | 168.32 | OK | |
| r-devel-windows-x86_64 | 1.0.5 | 14.00 | 97.00 | 111.00 | OK | |
| r-patched-linux-x86_64 | 1.0.5 | 15.71 | 90.32 | 106.03 | OK | |
| r-release-linux-x86_64 | 1.0.5 | 15.06 | 90.28 | 105.34 | OK | |
| r-release-macos-arm64 | 1.0.5 | 13.00 | 64.00 | 77.00 | OK | |
| r-release-macos-x86_64 | 1.0.5 | 36.00 | 195.00 | 231.00 | OK | |
| r-release-windows-x86_64 | 1.0.5 | 15.00 | 97.00 | 112.00 | OK | |
| r-oldrel-macos-arm64 | 1.0.5 | 8.00 | 46.00 | 54.00 | OK | |
| r-oldrel-macos-x86_64 | 1.0.5 | 11.00 | 63.00 | 74.00 | OK | |
| r-oldrel-windows-x86_64 | 1.0.5 | 21.00 | 117.00 | 138.00 | OK |
Version: 1.0.5
Check: CRAN incoming feasibility
Result: NOTE
Maintainer: ‘Filipe Campelo <fcampelo@ci.uc.pt>’
No Authors@R field in DESCRIPTION.
Please add one, modifying
Authors@R: person(given = "Filipe",
family = "Campelo",
role = c("aut", "cre"),
email = "fcampelo@ci.uc.pt")
as necessary.
Flavors: r-devel-linux-x86_64-debian-clang, r-devel-linux-x86_64-debian-gcc
These binaries (installable software) and packages are in development.
They may not be fully stable and should be used with caution. We make no claims about them.