Last updated on 2025-05-01 22:49:38 CEST.
Flavor | Version | Tinstall | Tcheck | Ttotal | Status | Flags |
---|---|---|---|---|---|---|
r-devel-linux-x86_64-debian-clang | 1.0.5 | 16.31 | 92.28 | 108.59 | NOTE | |
r-devel-linux-x86_64-debian-gcc | 1.0.5 | 11.30 | 67.59 | 78.89 | NOTE | |
r-devel-linux-x86_64-fedora-clang | 1.0.5 | 170.94 | OK | |||
r-devel-linux-x86_64-fedora-gcc | 1.0.5 | 163.27 | OK | |||
r-devel-windows-x86_64 | 1.0.5 | 15.00 | 99.00 | 114.00 | OK | |
r-patched-linux-x86_64 | 1.0.5 | 15.50 | 87.93 | 103.43 | OK | |
r-release-linux-x86_64 | OK | |||||
r-release-macos-arm64 | 1.0.5 | 77.00 | OK | |||
r-release-macos-x86_64 | 1.0.5 | 231.00 | OK | |||
r-release-windows-x86_64 | 1.0.5 | 14.00 | 107.00 | 121.00 | OK | |
r-oldrel-macos-arm64 | 1.0.5 | 54.00 | OK | |||
r-oldrel-macos-x86_64 | 1.0.5 | 74.00 | OK | |||
r-oldrel-windows-x86_64 | 1.0.5 | 17.00 | 113.00 | 130.00 | OK |
Version: 1.0.5
Check: CRAN incoming feasibility
Result: NOTE
Maintainer: ‘Filipe Campelo <fcampelo@ci.uc.pt>’
No Authors@R field in DESCRIPTION.
Please add one, modifying
Authors@R: person(given = "Filipe",
family = "Campelo",
role = c("aut", "cre"),
email = "fcampelo@ci.uc.pt")
as necessary.
Flavors: r-devel-linux-x86_64-debian-clang, r-devel-linux-x86_64-debian-gcc
These binaries (installable software) and packages are in development.
They may not be fully stable and should be used with caution. We make no claims about them.