CRAN Package Check Results for Package detrendeR

Last updated on 2025-07-27 01:48:19 CEST.

Flavor Version Tinstall Tcheck Ttotal Status Flags
r-devel-linux-x86_64-debian-clang 1.0.5 15.48 96.58 112.06 NOTE
r-devel-linux-x86_64-debian-gcc 1.0.5 11.23 78.41 89.64 NOTE
r-devel-linux-x86_64-fedora-clang 1.0.5 171.10 OK
r-devel-linux-x86_64-fedora-gcc 1.0.5 164.00 OK
r-devel-windows-x86_64 1.0.5 15.00 110.00 125.00 OK
r-patched-linux-x86_64 1.0.5 14.66 89.04 103.70 OK
r-release-linux-x86_64 1.0.5 13.63 88.14 101.77 OK
r-release-macos-arm64 1.0.5 77.00 OK
r-release-macos-x86_64 1.0.5 231.00 OK
r-release-windows-x86_64 1.0.5 14.00 100.00 114.00 OK
r-oldrel-macos-arm64 1.0.5 54.00 OK
r-oldrel-macos-x86_64 1.0.5 74.00 OK
r-oldrel-windows-x86_64 1.0.5 19.00 117.00 136.00 OK

Check Details

Version: 1.0.5
Check: CRAN incoming feasibility
Result: NOTE Maintainer: ‘Filipe Campelo <fcampelo@ci.uc.pt>’ No Authors@R field in DESCRIPTION. Please add one, modifying Authors@R: person(given = "Filipe", family = "Campelo", role = c("aut", "cre"), email = "fcampelo@ci.uc.pt") as necessary. Flavors: r-devel-linux-x86_64-debian-clang, r-devel-linux-x86_64-debian-gcc

These binaries (installable software) and packages are in development.
They may not be fully stable and should be used with caution. We make no claims about them.