Last updated on 2025-07-26 07:50:20 CEST.
Flavor | Version | Tinstall | Tcheck | Ttotal | Status | Flags |
---|---|---|---|---|---|---|
r-devel-linux-x86_64-debian-clang | 0.6.15 | 71.39 | 121.79 | 193.18 | OK | |
r-devel-linux-x86_64-debian-gcc | 0.6.15 | 53.23 | 88.12 | 141.35 | OK | |
r-devel-linux-x86_64-fedora-clang | 0.6.15 | 335.29 | OK | |||
r-devel-linux-x86_64-fedora-gcc | 0.6.15 | 323.77 | OK | |||
r-devel-windows-x86_64 | 0.6.15 | 103.00 | 138.00 | 241.00 | OK | |
r-patched-linux-x86_64 | 0.6.15 | 67.89 | 114.41 | 182.30 | OK | |
r-release-linux-x86_64 | 0.6.15 | 70.59 | 112.12 | 182.71 | OK | |
r-release-macos-arm64 | 0.6.15 | 84.00 | OK | |||
r-release-macos-x86_64 | 0.6.15 | 134.00 | OK | |||
r-release-windows-x86_64 | 0.6.15 | 104.00 | 138.00 | 242.00 | OK | |
r-oldrel-macos-arm64 | 0.6.15 | 51.00 | NOTE | |||
r-oldrel-macos-x86_64 | 0.6.15 | 76.00 | NOTE | |||
r-oldrel-windows-x86_64 | 0.6.15 | 121.00 | 162.00 | 283.00 | NOTE |
Version: 0.6.15
Check: for GNU extensions in Makefiles
Result: NOTE
GNU make is a SystemRequirements.
Flavors: r-oldrel-macos-arm64, r-oldrel-macos-x86_64, r-oldrel-windows-x86_64
These binaries (installable software) and packages are in development.
They may not be fully stable and should be used with caution. We make no claims about them.