CRAN Package Check Results for Package detzrcr

Last updated on 2025-05-03 22:49:51 CEST.

Flavor Version Tinstall Tcheck Ttotal Status Flags
r-devel-linux-x86_64-debian-clang 0.3.1 3.29 31.06 34.35 NOTE
r-devel-linux-x86_64-debian-gcc 0.3.1 2.11 23.47 25.58 NOTE
r-devel-linux-x86_64-fedora-clang 0.3.1 51.61 NOTE
r-devel-linux-x86_64-fedora-gcc 0.3.1 64.14 NOTE
r-devel-windows-x86_64 0.3.1 5.00 57.00 62.00 OK
r-patched-linux-x86_64 0.3.1 3.61 28.27 31.88 OK
r-release-linux-x86_64 OK
r-release-macos-arm64 0.3.1 30.00 OK
r-release-macos-x86_64 0.3.1 52.00 OK
r-release-windows-x86_64 0.3.1 6.00 57.00 63.00 OK
r-oldrel-macos-arm64 0.3.1 26.00 NOTE
r-oldrel-macos-x86_64 0.3.1 49.00 NOTE
r-oldrel-windows-x86_64 0.3.1 6.00 63.00 69.00 NOTE

Check Details

Version: 0.3.1
Check: CRAN incoming feasibility
Result: NOTE Maintainer: ‘Magnus Kristoffersen <magnus.kristoffersen@geo.uio.no>’ Package CITATION file contains call(s) to old-style personList() or as.personList(). Please use c() on person objects instead. Package CITATION file contains call(s) to old-style citEntry(). Please use bibentry() instead. Flavors: r-devel-linux-x86_64-debian-clang, r-devel-linux-x86_64-debian-gcc

Version: 0.3.1
Check: dependencies in R code
Result: NOTE Namespaces in Imports field not imported from: ‘DT’ ‘utils’ All declared Imports should be used. Flavors: r-devel-linux-x86_64-fedora-clang, r-devel-linux-x86_64-fedora-gcc

Version: 0.3.1
Check: LazyData
Result: NOTE 'LazyData' is specified without a 'data' directory Flavors: r-oldrel-macos-arm64, r-oldrel-macos-x86_64, r-oldrel-windows-x86_64

These binaries (installable software) and packages are in development.
They may not be fully stable and should be used with caution. We make no claims about them.