CRAN Package Check Results for Package devFunc

Last updated on 2025-02-23 13:51:09 CET.

Flavor Version Tinstall Tcheck Ttotal Status Flags
r-devel-linux-x86_64-debian-clang 0.1 3.38 28.28 31.66 OK
r-devel-linux-x86_64-debian-gcc 0.1 2.77 21.87 24.64 OK
r-devel-linux-x86_64-fedora-clang 0.1 50.88 OK
r-devel-linux-x86_64-fedora-gcc 0.1 48.23 OK
r-devel-macos-arm64 0.1 20.00 OK
r-devel-macos-x86_64 0.1 35.00 OK
r-devel-windows-x86_64 0.1 6.00 56.00 62.00 OK
r-patched-linux-x86_64 0.1 3.79 26.74 30.53 NOTE
r-release-linux-x86_64 0.1 3.05 26.70 29.75 NOTE
r-release-macos-arm64 0.1 19.00 NOTE
r-release-macos-x86_64 0.1 27.00 NOTE
r-release-windows-x86_64 0.1 5.00 48.00 53.00 NOTE
r-oldrel-macos-arm64 0.1 22.00 NOTE
r-oldrel-macos-x86_64 0.1 28.00 NOTE
r-oldrel-windows-x86_64 0.1 6.00 52.00 58.00 NOTE

Additional issues

donttest

Check Details

Version: 0.1
Check: LazyData
Result: NOTE 'LazyData' is specified without a 'data' directory Flavors: r-patched-linux-x86_64, r-release-linux-x86_64, r-release-macos-arm64, r-release-macos-x86_64, r-release-windows-x86_64, r-oldrel-macos-arm64, r-oldrel-macos-x86_64, r-oldrel-windows-x86_64

These binaries (installable software) and packages are in development.
They may not be fully stable and should be used with caution. We make no claims about them.