Last updated on 2025-05-21 23:48:40 CEST.
Flavor | Version | Tinstall | Tcheck | Ttotal | Status | Flags |
---|---|---|---|---|---|---|
r-devel-linux-x86_64-debian-clang | 2.4.5 | 9.14 | 100.93 | 110.07 | NOTE | |
r-devel-linux-x86_64-debian-gcc | 2.4.5 | 5.47 | 73.73 | 79.20 | NOTE | |
r-devel-linux-x86_64-fedora-clang | 2.4.5 | 169.89 | OK | |||
r-devel-linux-x86_64-fedora-gcc | 2.4.5 | 194.97 | OK | |||
r-devel-windows-x86_64 | 2.4.5 | 12.00 | 140.00 | 152.00 | NOTE | |
r-patched-linux-x86_64 | 2.4.5 | 8.84 | 94.67 | 103.51 | NOTE | |
r-release-linux-x86_64 | 2.4.5 | 6.96 | 93.81 | 100.77 | NOTE | |
r-release-macos-arm64 | 2.4.5 | 94.00 | OK | |||
r-release-macos-x86_64 | 2.4.5 | 178.00 | OK | |||
r-release-windows-x86_64 | 2.4.5 | 13.00 | 149.00 | 162.00 | NOTE | |
r-oldrel-macos-arm64 | 2.4.5 | 90.00 | OK | |||
r-oldrel-macos-x86_64 | 2.4.5 | 131.00 | OK | |||
r-oldrel-windows-x86_64 | 2.4.5 | 15.00 | 154.00 | 169.00 | OK |
Version: 2.4.5
Check: Rd cross-references
Result: NOTE
Found the following Rd file(s) with Rd \link{} targets missing package
anchors:
check.Rd: compiler_flags
remote-reexports.Rd: ellipsis
Please provide package anchors for all Rd \link{} targets not in the
package itself and the base packages.
Flavors: r-devel-linux-x86_64-debian-clang, r-devel-linux-x86_64-debian-gcc, r-devel-windows-x86_64, r-patched-linux-x86_64, r-release-linux-x86_64, r-release-windows-x86_64
These binaries (installable software) and packages are in development.
They may not be fully stable and should be used with caution. We make no claims about them.