Last updated on 2025-05-01 15:49:29 CEST.
Flavor | Version | Tinstall | Tcheck | Ttotal | Status | Flags |
---|---|---|---|---|---|---|
r-devel-linux-x86_64-debian-clang | 1.0.1 | 8.93 | 117.96 | 126.89 | NOTE | |
r-devel-linux-x86_64-debian-gcc | 1.0.1 | 6.02 | 73.22 | 79.24 | NOTE | |
r-devel-linux-x86_64-fedora-clang | 1.0.1 | 189.56 | NOTE | |||
r-devel-linux-x86_64-fedora-gcc | 1.0.1 | 178.77 | NOTE | |||
r-devel-windows-x86_64 | 1.0.1 | 11.00 | 130.00 | 141.00 | NOTE | |
r-patched-linux-x86_64 | 1.0.1 | 9.83 | 109.81 | 119.64 | NOTE | |
r-release-linux-x86_64 | NOTE | |||||
r-release-macos-arm64 | 1.0.1 | 52.00 | NOTE | |||
r-release-macos-x86_64 | 1.0.1 | 114.00 | NOTE | |||
r-release-windows-x86_64 | 1.0.1 | 12.00 | 138.00 | 150.00 | NOTE | |
r-oldrel-macos-arm64 | 1.0.1 | 54.00 | OK | |||
r-oldrel-macos-x86_64 | 1.0.1 | 95.00 | OK | |||
r-oldrel-windows-x86_64 | 1.0.1 | 13.00 | 165.00 | 178.00 | OK |
Version: 1.0.1
Check: DESCRIPTION meta-information
Result: NOTE
Missing dependency on R >= 4.1.0 because package code uses the pipe
|> or function shorthand \(...) syntax added in R 4.1.0.
File(s) using such syntax:
‘aov.R’ ‘create_subtree.R’ ‘create_tree.R’ ‘monte_carlo.R’ ‘node.R’
‘oat.R’ ‘option.R’ ‘sensitivity_index.R’ ‘synoptique.R’ ‘tree.R’
Flavors: r-devel-linux-x86_64-debian-clang, r-devel-linux-x86_64-debian-gcc, r-devel-linux-x86_64-fedora-clang, r-devel-linux-x86_64-fedora-gcc, r-devel-windows-x86_64, r-patched-linux-x86_64, r-release-linux-x86_64, r-release-macos-arm64, r-release-macos-x86_64, r-release-windows-x86_64
Version: 1.0.1
Check: examples
Result: NOTE
Examples with CPU (user + system) or elapsed time > 5s
user system elapsed
aov_tree 10.518 0.166 13.432
visualize_aov 10.032 0.020 12.817
Flavor: r-devel-linux-x86_64-debian-clang
Version: 1.0.1
Check: examples
Result: NA
user system elapsed
aov_tree 5.309 0.102 6.196
visualize_aov 5.237 0.047 6.822
OK
Flavor: r-devel-linux-x86_64-debian-gcc
These binaries (installable software) and packages are in development.
They may not be fully stable and should be used with caution. We make no claims about them.