Last updated on 2025-11-12 12:53:07 CET.
| Flavor | Version | Tinstall | Tcheck | Ttotal | Status | Flags |
|---|---|---|---|---|---|---|
| r-devel-linux-x86_64-debian-clang | 1.7.0 | 131.07 | 231.25 | 362.32 | OK | |
| r-devel-linux-x86_64-debian-gcc | 1.7.0 | 81.64 | 151.23 | 232.87 | OK | |
| r-devel-linux-x86_64-fedora-clang | 1.7.0 | 413.00 | 1501.67 | 1914.67 | OK | |
| r-devel-linux-x86_64-fedora-gcc | 1.7.0 | 230.00 | 335.14 | 565.14 | OK | |
| r-devel-windows-x86_64 | 1.7.0 | 151.00 | 211.00 | 362.00 | OK | |
| r-patched-linux-x86_64 | 1.7.0 | 128.22 | 213.12 | 341.34 | OK | |
| r-release-linux-x86_64 | 1.7.0 | 124.45 | 205.72 | 330.17 | OK | |
| r-release-macos-arm64 | 1.7.0 | 47.00 | 235.00 | 282.00 | OK | |
| r-release-macos-x86_64 | 1.7.0 | 103.00 | 309.00 | 412.00 | OK | |
| r-release-windows-x86_64 | 1.7.0 | 151.00 | 198.00 | 349.00 | OK | |
| r-oldrel-macos-arm64 | 1.7.0 | 42.00 | 97.00 | 139.00 | NOTE | |
| r-oldrel-macos-x86_64 | 1.7.0 | 94.00 | 321.00 | 415.00 | NOTE | |
| r-oldrel-windows-x86_64 | 1.7.0 | 178.00 | 256.00 | 434.00 | OK |
Version: 1.7.0
Check: installed package size
Result: NOTE
installed size is 11.1Mb
sub-directories of 1Mb or more:
doc 1.4Mb
libs 8.9Mb
Flavors: r-oldrel-macos-arm64, r-oldrel-macos-x86_64
These binaries (installable software) and packages are in development.
They may not be fully stable and should be used with caution. We make no claims about them.