Last updated on 2025-07-17 01:49:45 CEST.
Flavor | Version | Tinstall | Tcheck | Ttotal | Status | Flags |
---|---|---|---|---|---|---|
r-devel-linux-x86_64-debian-clang | 1.6.2 | 131.89 | 228.86 | 360.75 | OK | |
r-devel-linux-x86_64-debian-gcc | 1.6.2 | 91.01 | 154.15 | 245.16 | OK | |
r-devel-linux-x86_64-fedora-clang | 1.6.2 | 615.03 | OK | |||
r-devel-linux-x86_64-fedora-gcc | 1.6.2 | 560.73 | OK | |||
r-devel-windows-x86_64 | 1.6.2 | 146.00 | 205.00 | 351.00 | OK | |
r-patched-linux-x86_64 | 1.6.2 | 126.35 | 206.54 | 332.89 | OK | |
r-release-linux-x86_64 | 1.6.2 | 124.66 | 201.48 | 326.14 | OK | |
r-release-macos-arm64 | 1.6.2 | 156.00 | OK | |||
r-release-macos-x86_64 | 1.6.2 | 227.00 | OK | |||
r-release-windows-x86_64 | 1.6.2 | 147.00 | 228.00 | 375.00 | OK | |
r-oldrel-macos-arm64 | 1.6.2 | 146.00 | NOTE | |||
r-oldrel-macos-x86_64 | 1.6.2 | 232.00 | NOTE | |||
r-oldrel-windows-x86_64 | 1.6.2 | 170.00 | 256.00 | 426.00 | OK |
Version: 1.6.2
Check: installed package size
Result: NOTE
installed size is 10.9Mb
sub-directories of 1Mb or more:
doc 1.2Mb
libs 8.9Mb
Flavors: r-oldrel-macos-arm64, r-oldrel-macos-x86_64
These binaries (installable software) and packages are in development.
They may not be fully stable and should be used with caution. We make no claims about them.