Last updated on 2025-02-16 10:50:44 CET.
Flavor | Version | Tinstall | Tcheck | Ttotal | Status | Flags |
---|---|---|---|---|---|---|
r-devel-linux-x86_64-debian-clang | 1.5.0 | 115.55 | 217.05 | 332.60 | OK | |
r-devel-linux-x86_64-debian-gcc | 1.5.0 | 85.45 | 145.85 | 231.30 | OK | |
r-devel-linux-x86_64-fedora-clang | 1.5.0 | 616.36 | OK | |||
r-devel-linux-x86_64-fedora-gcc | 1.5.0 | 580.28 | OK | |||
r-devel-macos-arm64 | 1.5.0 | 136.00 | OK | |||
r-devel-macos-x86_64 | 1.5.0 | 233.00 | OK | |||
r-devel-windows-x86_64 | 1.5.0 | 125.00 | 194.00 | 319.00 | OK | |
r-patched-linux-x86_64 | 1.5.0 | 110.72 | 192.23 | 302.95 | OK | |
r-release-linux-x86_64 | 1.5.0 | 110.44 | 193.59 | 304.03 | OK | |
r-release-macos-arm64 | 1.5.0 | 158.00 | NOTE | |||
r-release-macos-x86_64 | 1.5.0 | 335.00 | NOTE | |||
r-release-windows-x86_64 | 1.5.0 | 127.00 | 198.00 | 325.00 | OK | |
r-oldrel-macos-arm64 | 1.5.0 | 175.00 | NOTE | |||
r-oldrel-macos-x86_64 | 1.5.0 | 274.00 | NOTE | |||
r-oldrel-windows-x86_64 | 1.5.0 | 147.00 | 238.00 | 385.00 | OK |
Version: 1.5.0
Check: installed package size
Result: NOTE
installed size is 9.5Mb
sub-directories of 1Mb or more:
doc 1.2Mb
libs 7.5Mb
Flavors: r-release-macos-arm64, r-release-macos-x86_64, r-oldrel-macos-arm64, r-oldrel-macos-x86_64
These binaries (installable software) and packages are in development.
They may not be fully stable and should be used with caution. We make no claims about them.