Last updated on 2025-05-01 08:52:30 CEST.
Flavor | Version | Tinstall | Tcheck | Ttotal | Status | Flags |
---|---|---|---|---|---|---|
r-devel-linux-x86_64-debian-clang | 1.6.0 | 131.46 | 219.14 | 350.60 | OK | |
r-devel-linux-x86_64-debian-gcc | 1.6.1 | 91.09 | 149.08 | 240.17 | OK | |
r-devel-linux-x86_64-fedora-clang | 1.6.1 | 672.40 | OK | |||
r-devel-linux-x86_64-fedora-gcc | 1.6.1 | 630.54 | OK | |||
r-devel-windows-x86_64 | 1.6.1 | 124.00 | 214.00 | 338.00 | OK | |
r-patched-linux-x86_64 | 1.6.1 | 129.25 | 205.54 | 334.79 | OK | |
r-release-linux-x86_64 | OK | |||||
r-release-macos-arm64 | 1.6.1 | 154.00 | OK | |||
r-release-macos-x86_64 | 1.6.1 | 288.00 | OK | |||
r-release-windows-x86_64 | 1.6.1 | 128.00 | 206.00 | 334.00 | OK | |
r-oldrel-macos-arm64 | 1.6.1 | 164.00 | NOTE | |||
r-oldrel-macos-x86_64 | 1.6.1 | 253.00 | NOTE | |||
r-oldrel-windows-x86_64 | 1.6.0 | 167.00 | 257.00 | 424.00 | OK |
Version: 1.6.1
Check: installed package size
Result: NOTE
installed size is 10.9Mb
sub-directories of 1Mb or more:
doc 1.2Mb
libs 8.9Mb
Flavors: r-oldrel-macos-arm64, r-oldrel-macos-x86_64
These binaries (installable software) and packages are in development.
They may not be fully stable and should be used with caution. We make no claims about them.