Last updated on 2025-05-21 23:48:40 CEST.
Flavor | Version | Tinstall | Tcheck | Ttotal | Status | Flags |
---|---|---|---|---|---|---|
r-devel-linux-x86_64-debian-clang | 0.2.0 | 6.57 | 46.31 | 52.88 | NOTE | |
r-devel-linux-x86_64-debian-gcc | 0.2.0 | 4.25 | 32.65 | 36.90 | NOTE | |
r-devel-linux-x86_64-fedora-clang | 0.2.0 | 81.23 | NOTE | |||
r-devel-linux-x86_64-fedora-gcc | 0.2.0 | 78.53 | NOTE | |||
r-devel-windows-x86_64 | 0.2.0 | 8.00 | 73.00 | 81.00 | NOTE | |
r-patched-linux-x86_64 | 0.2.0 | 7.05 | 43.48 | 50.53 | NOTE | |
r-release-linux-x86_64 | 0.2.0 | 6.64 | 44.11 | 50.75 | NOTE | |
r-release-macos-arm64 | 0.2.0 | 36.00 | NOTE | |||
r-release-macos-x86_64 | 0.2.0 | 55.00 | NOTE | |||
r-release-windows-x86_64 | 0.2.0 | 8.00 | 76.00 | 84.00 | NOTE | |
r-oldrel-macos-arm64 | 0.2.0 | 26.00 | OK | |||
r-oldrel-macos-x86_64 | 0.2.0 | 42.00 | OK | |||
r-oldrel-windows-x86_64 | 0.2.0 | 12.00 | 76.00 | 88.00 | OK |
Version: 0.2.0
Check: DESCRIPTION meta-information
Result: NOTE
Missing dependency on R >= 4.1.0 because package code uses the pipe
|> or function shorthand \(...) syntax added in R 4.1.0.
File(s) using such syntax:
‘differentiate.R’ ‘gradient.R’ ‘simplify.R’
Flavors: r-devel-linux-x86_64-debian-clang, r-devel-linux-x86_64-debian-gcc, r-devel-linux-x86_64-fedora-clang, r-devel-linux-x86_64-fedora-gcc, r-devel-windows-x86_64, r-patched-linux-x86_64, r-release-linux-x86_64, r-release-macos-arm64, r-release-macos-x86_64, r-release-windows-x86_64
These binaries (installable software) and packages are in development.
They may not be fully stable and should be used with caution. We make no claims about them.