CRAN Package Check Results for Package dfdr

Last updated on 2025-10-23 17:50:46 CEST.

Flavor Version Tinstall Tcheck Ttotal Status Flags
r-devel-linux-x86_64-debian-clang 0.2.0 6.23 48.51 54.74 NOTE
r-devel-linux-x86_64-debian-gcc 0.2.0 4.89 34.23 39.12 NOTE
r-devel-linux-x86_64-fedora-clang 0.2.0 19.00 66.11 85.11 NOTE
r-devel-linux-x86_64-fedora-gcc 0.2.0 15.00 63.63 78.63 NOTE
r-devel-windows-x86_64 0.2.0 8.00 65.00 73.00 NOTE
r-patched-linux-x86_64 0.2.0 6.38 45.27 51.65 NOTE
r-release-linux-x86_64 0.2.0 6.32 45.36 51.68 NOTE
r-release-macos-arm64 0.2.0 3.00 33.00 36.00 NOTE
r-release-macos-x86_64 0.2.0 6.00 49.00 55.00 NOTE
r-release-windows-x86_64 0.2.0 7.00 67.00 74.00 NOTE
r-oldrel-macos-arm64 0.2.0 3.00 23.00 26.00 OK
r-oldrel-macos-x86_64 0.2.0 5.00 37.00 42.00 OK
r-oldrel-windows-x86_64 0.2.0 11.00 79.00 90.00 OK

Check Details

Version: 0.2.0
Check: DESCRIPTION meta-information
Result: NOTE Missing dependency on R >= 4.1.0 because package code uses the pipe |> or function shorthand \(...) syntax added in R 4.1.0. File(s) using such syntax: ‘differentiate.R’ ‘gradient.R’ ‘simplify.R’ Flavors: r-devel-linux-x86_64-debian-clang, r-devel-linux-x86_64-debian-gcc, r-devel-linux-x86_64-fedora-clang, r-devel-linux-x86_64-fedora-gcc, r-devel-windows-x86_64, r-patched-linux-x86_64, r-release-linux-x86_64, r-release-macos-arm64, r-release-macos-x86_64, r-release-windows-x86_64

These binaries (installable software) and packages are in development.
They may not be fully stable and should be used with caution. We make no claims about them.