CRAN Package Check Results for Package dfms

Last updated on 2025-07-03 03:49:39 CEST.

Flavor Version Tinstall Tcheck Ttotal Status Flags
r-devel-linux-x86_64-debian-clang 0.3.0 49.88 240.88 290.76 OK
r-devel-linux-x86_64-debian-gcc 0.3.0 38.42 212.70 251.12 OK
r-devel-linux-x86_64-fedora-clang 0.3.0 452.23 NOTE
r-devel-linux-x86_64-fedora-gcc 0.3.0 463.24 NOTE
r-devel-windows-x86_64 0.3.0 56.00 316.00 372.00 OK
r-patched-linux-x86_64 0.3.0 53.22 342.36 395.58 OK
r-release-linux-x86_64 0.3.0 51.42 343.38 394.80 OK
r-release-macos-arm64 0.3.0 219.00 OK
r-release-macos-x86_64 0.3.0 610.00 OK
r-release-windows-x86_64 0.3.0 58.00 312.00 370.00 OK
r-oldrel-macos-arm64 0.3.0 225.00 NOTE
r-oldrel-macos-x86_64 0.3.0 411.00 NOTE
r-oldrel-windows-x86_64 0.3.0 66.00 497.00 563.00 OK

Check Details

Version: 0.3.0
Check: dependencies in R code
Result: NOTE Namespace in Imports field not imported from: ‘Rcpp’ All declared Imports should be used. Flavors: r-devel-linux-x86_64-fedora-clang, r-devel-linux-x86_64-fedora-gcc

Version: 0.3.0
Check: installed package size
Result: NOTE installed size is 6.2Mb sub-directories of 1Mb or more: doc 2.0Mb libs 3.8Mb Flavors: r-oldrel-macos-arm64, r-oldrel-macos-x86_64

These binaries (installable software) and packages are in development.
They may not be fully stable and should be used with caution. We make no claims about them.