CRAN Package Check Results for Package dfms

Last updated on 2025-11-11 15:50:32 CET.

Flavor Version Tinstall Tcheck Ttotal Status Flags
r-devel-linux-x86_64-debian-clang 0.3.2 50.21 246.17 296.38 NOTE
r-devel-linux-x86_64-debian-gcc 0.3.2 32.73 215.23 247.96 NOTE
r-devel-linux-x86_64-fedora-clang 0.3.2 97.00 355.50 452.50 NOTE
r-devel-linux-x86_64-fedora-gcc 0.3.2 81.00 385.52 466.52 NOTE
r-devel-windows-x86_64 0.3.2 59.00 302.00 361.00 NOTE
r-patched-linux-x86_64 0.3.2 51.30 345.64 396.94 OK
r-release-linux-x86_64 0.3.2 52.16 344.31 396.47 OK
r-release-macos-arm64 0.3.2 21.00 200.00 221.00 OK
r-release-macos-x86_64 0.3.2 31.00 510.00 541.00 OK
r-release-windows-x86_64 0.3.2 59.00 302.00 361.00 OK
r-oldrel-macos-arm64 0.3.2 21.00 198.00 219.00 NOTE
r-oldrel-macos-x86_64 0.3.2 29.00 481.00 510.00 NOTE
r-oldrel-windows-x86_64 0.3.2 68.00 486.00 554.00 OK

Check Details

Version: 0.3.2
Check: Rd files
Result: NOTE checkRd: (-1) DFM.Rd:42-49: Only 4 columns allowed in this table (row 1 has 3) checkRd: (-1) DFM.Rd:42-49: Only 4 columns allowed in this table (row 2 has 1) checkRd: (-1) DFM.Rd:42-49: Only 4 columns allowed in this table (row 3 has 3) checkRd: (-1) DFM.Rd:42-49: Only 4 columns allowed in this table (row 4 has 1) checkRd: (-1) DFM.Rd:42-49: Only 4 columns allowed in this table (row 5 has 3) checkRd: (-1) DFM.Rd:42-49: Only 4 columns allowed in this table (row 6 has 1) checkRd: (-1) DFM.Rd:42-49: Only 4 columns allowed in this table (row 7 has 3) checkRd: (-1) DFM.Rd:42-49: Only 4 columns allowed in this table (row 8 has 1) checkRd: (-1) DFM.Rd:112-120: Only 4 columns allowed in this table (row 1 has 3) checkRd: (-1) DFM.Rd:112-120: Only 4 columns allowed in this table (row 2 has 1) checkRd: (-1) DFM.Rd:112-120: Only 4 columns allowed in this table (row 3 has 3) checkRd: (-1) DFM.Rd:112-120: Only 4 columns allowed in this table (row 4 has 1) checkRd: (-1) DFM.Rd:112-120: Only 4 columns allowed in this table (row 5 has 3) checkRd: (-1) DFM.Rd:112-120: Only 4 columns allowed in this table (row 6 has 1) checkRd: (-1) DFM.Rd:112-120: Only 4 columns allowed in this table (row 7 has 3) checkRd: (-1) DFM.Rd:112-120: Only 4 columns allowed in this table (row 8 has 1) checkRd: (-1) DFM.Rd:112-120: Only 4 columns allowed in this table (row 9 has 3) checkRd: (-1) DFM.Rd:112-120: Only 4 columns allowed in this table (row 10 has 1) checkRd: (-1) DFM.Rd:112-120: Only 4 columns allowed in this table (row 11 has 3) checkRd: (-1) DFM.Rd:112-120: Only 4 columns allowed in this table (row 12 has 1) checkRd: (-1) DFM.Rd:112-120: Only 4 columns allowed in this table (row 13 has 3) checkRd: (-1) DFM.Rd:112-120: Only 4 columns allowed in this table (row 14 has 1) checkRd: (-1) DFM.Rd:128-136: Only 4 columns allowed in this table (row 1 has 3) checkRd: (-1) DFM.Rd:128-136: Only 4 columns allowed in this table (row 2 has 1) checkRd: (-1) DFM.Rd:128-136: Only 4 columns allowed in this table (row 3 has 3) checkRd: (-1) DFM.Rd:128-136: Only 4 columns allowed in this table (row 4 has 1) checkRd: (-1) DFM.Rd:128-136: Only 4 columns allowed in this table (row 5 has 3) checkRd: (-1) DFM.Rd:128-136: Only 4 columns allowed in this table (row 6 has 1) checkRd: (-1) DFM.Rd:128-136: Only 4 columns allowed in this table (row 7 has 3) checkRd: (-1) DFM.Rd:128-136: Only 4 columns allowed in this table (row 8 has 1) checkRd: (-1) DFM.Rd:128-136: Only 4 columns allowed in this table (row 9 has 3) checkRd: (-1) DFM.Rd:128-136: Only 4 columns allowed in this table (row 10 has 1) checkRd: (-1) DFM.Rd:128-136: Only 4 columns allowed in this table (row 11 has 3) checkRd: (-1) DFM.Rd:128-136: Only 4 columns allowed in this table (row 12 has 1) checkRd: (-1) DFM.Rd:128-136: Only 4 columns allowed in this table (row 13 has 3) checkRd: (-1) DFM.Rd:128-136: Only 4 columns allowed in this table (row 14 has 1) checkRd: (-1) DFM.Rd:64-68: Only 4 columns allowed in this table (row 1 has 3) checkRd: (-1) DFM.Rd:64-68: Only 4 columns allowed in this table (row 2 has 1) checkRd: (-1) DFM.Rd:64-68: Only 4 columns allowed in this table (row 3 has 3) checkRd: (-1) DFM.Rd:64-68: Only 4 columns allowed in this table (row 4 has 1) checkRd: (-1) DFM.Rd:64-68: Only 4 columns allowed in this table (row 5 has 3) checkRd: (-1) DFM.Rd:64-68: Only 4 columns allowed in this table (row 6 has 1) checkRd: (-1) DFM.Rd:64-68: Only 4 columns allowed in this table (row 7 has 3) checkRd: (-1) DFM.Rd:64-68: Only 4 columns allowed in this table (row 8 has 1) checkRd: (-1) predict.dfm.Rd:106-110: Only 4 columns allowed in this table (row 1 has 3) checkRd: (-1) predict.dfm.Rd:106-110: Only 4 columns allowed in this table (row 2 has 1) checkRd: (-1) predict.dfm.Rd:106-110: Only 4 columns allowed in this table (row 3 has 3) checkRd: (-1) predict.dfm.Rd:106-110: Only 4 columns allowed in this table (row 4 has 1) checkRd: (-1) predict.dfm.Rd:106-110: Only 4 columns allowed in this table (row 5 has 3) checkRd: (-1) predict.dfm.Rd:106-110: Only 4 columns allowed in this table (row 6 has 1) checkRd: (-1) tsnarmimp.Rd:23-28: Only 4 columns allowed in this table (row 1 has 3) checkRd: (-1) tsnarmimp.Rd:23-28: Only 4 columns allowed in this table (row 2 has 1) checkRd: (-1) tsnarmimp.Rd:23-28: Only 4 columns allowed in this table (row 3 has 3) checkRd: (-1) tsnarmimp.Rd:23-28: Only 4 columns allowed in this table (row 4 has 1) checkRd: (-1) tsnarmimp.Rd:23-28: Only 4 columns allowed in this table (row 5 has 3) checkRd: (-1) tsnarmimp.Rd:23-28: Only 4 columns allowed in this table (row 6 has 1) checkRd: (-1) tsnarmimp.Rd:23-28: Only 4 columns allowed in this table (row 7 has 3) checkRd: (-1) tsnarmimp.Rd:23-28: Only 4 columns allowed in this table (row 8 has 1) Flavors: r-devel-linux-x86_64-debian-clang, r-devel-linux-x86_64-debian-gcc, r-devel-linux-x86_64-fedora-clang, r-devel-linux-x86_64-fedora-gcc, r-devel-windows-x86_64

Version: 0.3.2
Check: dependencies in R code
Result: NOTE Namespace in Imports field not imported from: ‘Rcpp’ All declared Imports should be used. Flavors: r-devel-linux-x86_64-fedora-clang, r-devel-linux-x86_64-fedora-gcc

Version: 0.3.2
Check: installed package size
Result: NOTE installed size is 6.3Mb sub-directories of 1Mb or more: doc 2.1Mb libs 3.8Mb Flavors: r-oldrel-macos-arm64, r-oldrel-macos-x86_64

These binaries (installable software) and packages are in development.
They may not be fully stable and should be used with caution. We make no claims about them.