Last updated on 2025-05-21 21:49:14 CEST.
Flavor | Version | Tinstall | Tcheck | Ttotal | Status | Flags |
---|---|---|---|---|---|---|
r-devel-linux-x86_64-debian-clang | 0.3.0 | 50.74 | 239.34 | 290.08 | OK | |
r-devel-linux-x86_64-debian-gcc | 0.3.0 | 35.72 | 210.68 | 246.40 | OK | |
r-devel-linux-x86_64-fedora-clang | 0.3.0 | 465.99 | NOTE | |||
r-devel-linux-x86_64-fedora-gcc | 0.3.0 | 418.01 | NOTE | |||
r-devel-windows-x86_64 | 0.3.0 | 56.00 | 310.00 | 366.00 | OK | |
r-patched-linux-x86_64 | 0.3.0 | 49.81 | 341.35 | 391.16 | OK | |
r-release-linux-x86_64 | 0.2.2 | 51.28 | 106.37 | 157.65 | OK | |
r-release-macos-arm64 | 0.3.0 | 219.00 | OK | |||
r-release-macos-x86_64 | 0.3.0 | 610.00 | OK | |||
r-release-windows-x86_64 | 0.3.0 | 49.00 | 278.00 | 327.00 | OK | |
r-oldrel-macos-arm64 | 0.3.0 | 225.00 | NOTE | |||
r-oldrel-macos-x86_64 | 0.3.0 | 411.00 | NOTE | |||
r-oldrel-windows-x86_64 | 0.2.2 | 65.00 | 179.00 | 244.00 | OK |
Version: 0.3.0
Check: dependencies in R code
Result: NOTE
Namespace in Imports field not imported from: ‘Rcpp’
All declared Imports should be used.
Flavors: r-devel-linux-x86_64-fedora-clang, r-devel-linux-x86_64-fedora-gcc
Version: 0.3.0
Check: installed package size
Result: NOTE
installed size is 6.2Mb
sub-directories of 1Mb or more:
doc 2.0Mb
libs 3.8Mb
Flavors: r-oldrel-macos-arm64, r-oldrel-macos-x86_64
These binaries (installable software) and packages are in development.
They may not be fully stable and should be used with caution. We make no claims about them.